{"id":1091,"date":"2016-05-19T14:12:38","date_gmt":"2016-05-19T13:12:38","guid":{"rendered":"http:\/\/www.laparolede.fr\/?page_id=1091"},"modified":"2018-09-11T12:48:21","modified_gmt":"2018-09-11T11:48:21","slug":"le-chemin-se-fait-en-marchant-2015","status":"publish","type":"page","link":"http:\/\/www.laparolede.fr\/?page_id=1091","title":{"rendered":"\u00ab\u00a0Le chemin se fait en marchant\u00a0\u00bb  Cr\u00e9ation 2015"},"content":{"rendered":"<p><strong>Cr\u00e9ation<\/strong><span style=\"font-weight: 300;\">&nbsp;th\u00e9\u00e2trale et musicale lors du <strong>Festival \u00ab\u00a0Itin\u00e9rance Tsigane\u00a0\u00bb<\/strong> &nbsp;<\/span><strong>Novembre 2015<\/strong><\/p>\n<p><iframe loading=\"lazy\" title=\"LE CHEMIN  se fait en marchant, festival Itin\u00e9rances Tsiganes\" width=\"584\" height=\"329\" src=\"https:\/\/www.youtube.com\/embed\/WgP73gnpuIQ?feature=oembed\" frameborder=\"0\" allow=\"accelerometer; autoplay; clipboard-write; encrypted-media; gyroscope; picture-in-picture; web-share\" referrerpolicy=\"strict-origin-when-cross-origin\" allowfullscreen><\/iframe><\/p>\n<p><span style=\"font-weight: 300;\"> &nbsp; &nbsp; &nbsp; &nbsp; &nbsp; &nbsp; &nbsp; &nbsp; &nbsp; &nbsp; &nbsp; &nbsp; &nbsp; &nbsp; &nbsp; &nbsp; &nbsp; &nbsp; &nbsp; &nbsp; &nbsp; <strong>Texte<\/strong> : Bruno Guichard et Martine Duculty&nbsp; &nbsp;<a href=\"http:\/\/www.laparolede.fr\/wp-content\/uploads\/IMG_4821_13.jpg\"><img loading=\"lazy\" decoding=\"async\" class=\"size-medium wp-image-1757 alignright\" title=\"IMG_4821_1\" src=\"http:\/\/www.laparolede.fr\/wp-content\/uploads\/IMG_4821_13-224x300.jpg\" alt=\"\" width=\"224\" height=\"300\" srcset=\"http:\/\/www.laparolede.fr\/wp-content\/uploads\/IMG_4821_13-224x300.jpg 224w, http:\/\/www.laparolede.fr\/wp-content\/uploads\/IMG_4821_13-767x1024.jpg 767w, http:\/\/www.laparolede.fr\/wp-content\/uploads\/IMG_4821_13.jpg 850w\" sizes=\"auto, (max-width: 224px) 100vw, 224px\" \/><\/a> &nbsp; &nbsp; &nbsp; &nbsp; &nbsp; &nbsp; &nbsp; &nbsp; &nbsp; &nbsp; &nbsp; &nbsp; &nbsp; &nbsp; &nbsp; &nbsp; &nbsp; &nbsp; &nbsp; &nbsp; &nbsp; &nbsp; &nbsp;&nbsp;<\/span><\/p>\n<p><img loading=\"lazy\" decoding=\"async\" class=\"size-medium wp-image-1747 alignright\" title=\"tract le chemin se fait0010\" src=\"http:\/\/www.laparolede.fr\/wp-content\/uploads\/tract-le-chemin-se-fait00103-214x300.jpg\" alt=\"\" width=\"214\" height=\"300\" srcset=\"http:\/\/www.laparolede.fr\/wp-content\/uploads\/tract-le-chemin-se-fait00103-214x300.jpg 214w, http:\/\/www.laparolede.fr\/wp-content\/uploads\/tract-le-chemin-se-fait00103-731x1024.jpg 731w, http:\/\/www.laparolede.fr\/wp-content\/uploads\/tract-le-chemin-se-fait00103.jpg 1125w\" sizes=\"auto, (max-width: 214px) 100vw, 214px\" \/><span style=\"font-weight: 300;\">&nbsp; &nbsp; &nbsp; &nbsp; &nbsp; &nbsp; &nbsp; &nbsp; &nbsp; &nbsp; &nbsp; &nbsp; &nbsp; &nbsp; &nbsp; &nbsp; &nbsp; &nbsp; &nbsp; &nbsp; &nbsp; &nbsp; &nbsp; &nbsp;<\/span><span style=\"font-weight: 300;\">&nbsp; &nbsp; &nbsp; &nbsp; &nbsp; &nbsp; &nbsp; &nbsp; <strong>&nbsp;Jeu :<\/strong> Fanny Chiressi et Jean Luc Peilhon&nbsp;<\/span><\/p>\n<p><span style=\"font-weight: 300;\">&nbsp;&nbsp;<\/span><span style=\"font-weight: 300;\"><strong>Musique<\/strong>:&nbsp;Jean Luc Peilhon&nbsp; &nbsp; &nbsp; &nbsp; &nbsp; &nbsp; &nbsp; &nbsp; &nbsp; &nbsp; &nbsp; &nbsp; &nbsp; &nbsp; &nbsp; &nbsp; &nbsp; &nbsp; <\/span><span style=\"font-weight: 300;\"><strong>Mise en sc\u00e8ne<\/strong> : Florence Meier&nbsp; &nbsp; &nbsp; &nbsp; &nbsp; &nbsp; &nbsp; &nbsp; &nbsp; &nbsp; &nbsp; &nbsp; &nbsp; &nbsp; &nbsp; &nbsp; &nbsp; &nbsp; &nbsp; &nbsp; &nbsp; &nbsp; &nbsp; &nbsp; &nbsp; &nbsp; &nbsp; &nbsp; &nbsp; &nbsp; &nbsp; &nbsp; &nbsp; &nbsp;&nbsp;<strong>Co-Production<\/strong> Maison des Passages \/ Cie La parole de \/ L&rsquo;ARTAG<\/span><a style=\"font-weight: 300;\" href=\"http:\/\/www.laparolede.fr\/wp-content\/uploads\/tract-le-chemin-se-fait00103.jpg\">&nbsp; &nbsp; &nbsp; &nbsp; &nbsp;<\/a><\/p>\n<p><a href=\"http:\/\/www.laparolede.fr\/wp-content\/uploads\/DSC03068.jpg\"><img loading=\"lazy\" decoding=\"async\" class=\"size-medium wp-image-1758 aligncenter\" title=\"DSC03068\" src=\"http:\/\/www.laparolede.fr\/wp-content\/uploads\/DSC03068-300x168.jpg\" alt=\"\" width=\"300\" height=\"168\" srcset=\"http:\/\/www.laparolede.fr\/wp-content\/uploads\/DSC03068-300x168.jpg 300w, http:\/\/www.laparolede.fr\/wp-content\/uploads\/DSC03068-1024x575.jpg 1024w, http:\/\/www.laparolede.fr\/wp-content\/uploads\/DSC03068-500x281.jpg 500w\" sizes=\"auto, (max-width: 300px) 100vw, 300px\" \/><\/a><a href=\"http:\/\/www.laparolede.fr\/wp-content\/uploads\/DSC030951.jpg\"><img loading=\"lazy\" decoding=\"async\" class=\"size-medium wp-image-1761 alignright\" title=\"DSC03095\" src=\"http:\/\/www.laparolede.fr\/wp-content\/uploads\/DSC030951-300x168.jpg\" alt=\"\" width=\"300\" height=\"168\" srcset=\"http:\/\/www.laparolede.fr\/wp-content\/uploads\/DSC030951-300x168.jpg 300w, http:\/\/www.laparolede.fr\/wp-content\/uploads\/DSC030951-1024x575.jpg 1024w, http:\/\/www.laparolede.fr\/wp-content\/uploads\/DSC030951-500x281.jpg 500w\" sizes=\"auto, (max-width: 300px) 100vw, 300px\" \/><\/a><\/p>\n<p>Reprise et tourn\u00e9e du spectacle<strong>&nbsp;<\/strong>en salle<strong>&nbsp;en 2016&nbsp;<\/strong>:&nbsp; &nbsp; &nbsp; &nbsp; &nbsp; &nbsp; &nbsp; &nbsp; &nbsp; &nbsp; &nbsp; &nbsp; &nbsp; &nbsp; &nbsp; &nbsp; &nbsp; &nbsp; 29 novembre au Th\u00e9\u00e2tre des Asphod\u00e8les Lyon 3\u00e8me&nbsp; &nbsp; &nbsp; &nbsp; &nbsp; &nbsp; &nbsp; &nbsp; &nbsp; &nbsp; &nbsp; 30 novembre \u00e0 20h au Rexy \u00e0 Riom (Clermont ferrand)&nbsp; &nbsp; &nbsp; &nbsp; &nbsp; &nbsp; &nbsp; &nbsp; &nbsp; &nbsp; &nbsp; &nbsp; &nbsp; &nbsp; &nbsp; 1 d\u00e9cembre \u00e0 19h au Prunier sauvage \u00e0 Grenoble<\/p>\n<p>5 d\u00e9cembre&nbsp;<span style=\"font-weight: 300;\">au coll\u00e8ge&nbsp;&nbsp;\u00e0 Gerzat et \u00e0&nbsp;Bourgoin le 06 d\u00e9cembre 2016&nbsp; &nbsp; &nbsp; &nbsp; &nbsp; &nbsp; &nbsp; &nbsp; &nbsp; &nbsp; &nbsp; &nbsp; &nbsp; &nbsp;<\/span>30 mai&nbsp;<span style=\"font-weight: 300;\">au Coll\u00e8ge de Vaugneray<a href=\"http:\/\/www.laparolede.fr\/wp-content\/uploads\/IMG_20151116_1632151.jpg\"><img loading=\"lazy\" decoding=\"async\" class=\"alignright\" title=\"IMG_20151116_163215\" src=\"http:\/\/www.laparolede.fr\/wp-content\/uploads\/IMG_20151116_1632151-180x300.jpg\" alt=\"\" width=\"180\" height=\"300\"><\/a><\/span><\/p>\n<p><em>Le Festival Itin\u00e9rances Tsiganes, est une des principales manifestation en France \u00e0 valoriser les cultures tsiganes.&nbsp;Le Festival itin\u00e9rance tsiganes investit une quinzaine de lieux culturels et associatifs, en donnant place et voix aux expressions culturelles et artistiques tsiganes.<\/em><\/p>\n<p>L&rsquo;histoire de la pi\u00e8ce &#8230;<a href=\"http:\/\/www.laparolede.fr\/wp-content\/uploads\/IMG_20151116_1234191.jpg\"><img loading=\"lazy\" decoding=\"async\" title=\"IMG_20151116_123419\" src=\"http:\/\/www.laparolede.fr\/wp-content\/uploads\/IMG_20151116_1234191-180x300.jpg\" alt=\"\" width=\"180\" height=\"300\"><\/a><\/p>\n<p>Martine Duculty est une voyageuse de la communaut\u00e9 des gens du voyage. Dans \u00ab\u00a0Le chemin se fait en marchant\u00a0\u00bb, elle nous raconte son histoire, celle de sa famille manouche et nous m\u00e8ne sur les traces de son grand p\u00e8re. Celui qui ne voyageait jamais sans sa malle remplie d&rsquo;outils, de v\u00eatements et de livres&#8230;. celui qui aimait les livres sans savoir lire. R\u00e9cit intime qui vient rencontrer le r\u00e9cit historique (celle de l&rsquo;histoire de France), \u00ab\u00a0Le chemin se fait en marchant\u00a0\u00bb est aussi l&rsquo;histoire d&rsquo;une rencontre entre une voyageuse et un musicien po\u00e8te : un \u00ab\u00a0gadgo\u00a0\u00bb&#8230; Deux personnages qui ont chacun un rapport au monde particulier, des croyances, des fa\u00e7ons d\u2019exister singuli\u00e8res et pourtant communes.<a href=\"http:\/\/www.laparolede.fr\/wp-content\/uploads\/IMG_4808_11.jpg\"><img loading=\"lazy\" decoding=\"async\" class=\"alignnone size-medium wp-image-1763\" title=\"IMG_4808_1\" src=\"http:\/\/www.laparolede.fr\/wp-content\/uploads\/IMG_4808_11-300x274.jpg\" alt=\"\" width=\"300\" height=\"274\" srcset=\"http:\/\/www.laparolede.fr\/wp-content\/uploads\/IMG_4808_11-300x274.jpg 300w, http:\/\/www.laparolede.fr\/wp-content\/uploads\/IMG_4808_11-328x300.jpg 328w, http:\/\/www.laparolede.fr\/wp-content\/uploads\/IMG_4808_11.jpg 572w\" sizes=\"auto, (max-width: 300px) 100vw, 300px\" \/><\/a><a href=\"http:\/\/www.laparolede.fr\/wp-content\/uploads\/IMG_4830_11.jpg\"><img loading=\"lazy\" decoding=\"async\" class=\"alignnone size-medium wp-image-1765\" title=\"IMG_4830_1\" src=\"http:\/\/www.laparolede.fr\/wp-content\/uploads\/IMG_4830_11-300x225.jpg\" alt=\"\" width=\"300\" height=\"225\" srcset=\"http:\/\/www.laparolede.fr\/wp-content\/uploads\/IMG_4830_11-300x225.jpg 300w, http:\/\/www.laparolede.fr\/wp-content\/uploads\/IMG_4830_11-1024x768.jpg 1024w, http:\/\/www.laparolede.fr\/wp-content\/uploads\/IMG_4830_11-399x300.jpg 399w, http:\/\/www.laparolede.fr\/wp-content\/uploads\/IMG_4830_11.jpg 1346w\" sizes=\"auto, (max-width: 300px) 100vw, 300px\" \/><\/a><\/p>\n","protected":false},"excerpt":{"rendered":"<p>Cr\u00e9ation&nbsp;th\u00e9\u00e2trale et musicale lors du Festival \u00ab\u00a0Itin\u00e9rance Tsigane\u00a0\u00bb &nbsp;Novembre 2015 &nbsp; &nbsp; &nbsp; &nbsp; &nbsp; &nbsp; &nbsp; &nbsp; &nbsp; &nbsp; &nbsp; &nbsp; &nbsp; &nbsp; &nbsp; &nbsp; &nbsp; &nbsp; &nbsp; &nbsp; &nbsp; Texte : Bruno Guichard et Martine Duculty&nbsp; &nbsp; &nbsp; &hellip; <a href=\"http:\/\/www.laparolede.fr\/?page_id=1091\">Continuer la lecture <span class=\"meta-nav\">&rarr;<\/span><\/a><\/p>\n","protected":false},"author":1,"featured_media":0,"parent":18,"menu_order":2,"comment_status":"closed","ping_status":"closed","template":"","meta":{"ngg_post_thumbnail":0,"footnotes":""},"class_list":["post-1091","page","type-page","status-publish","hentry"],"jetpack_sharing_enabled":true,"_links":{"self":[{"href":"http:\/\/www.laparolede.fr\/index.php?rest_route=\/wp\/v2\/pages\/1091","targetHints":{"allow":["GET"]}}],"collection":[{"href":"http:\/\/www.laparolede.fr\/index.php?rest_route=\/wp\/v2\/pages"}],"about":[{"href":"http:\/\/www.laparolede.fr\/index.php?rest_route=\/wp\/v2\/types\/page"}],"author":[{"embeddable":true,"href":"http:\/\/www.laparolede.fr\/index.php?rest_route=\/wp\/v2\/users\/1"}],"replies":[{"embeddable":true,"href":"http:\/\/www.laparolede.fr\/index.php?rest_route=%2Fwp%2Fv2%2Fcomments&post=1091"}],"version-history":[{"count":44,"href":"http:\/\/www.laparolede.fr\/index.php?rest_route=\/wp\/v2\/pages\/1091\/revisions"}],"predecessor-version":[{"id":1951,"href":"http:\/\/www.laparolede.fr\/index.php?rest_route=\/wp\/v2\/pages\/1091\/revisions\/1951"}],"up":[{"embeddable":true,"href":"http:\/\/www.laparolede.fr\/index.php?rest_route=\/wp\/v2\/pages\/18"}],"wp:attachment":[{"href":"http:\/\/www.laparolede.fr\/index.php?rest_route=%2Fwp%2Fv2%2Fmedia&parent=1091"}],"curies":[{"name":"wp","href":"https:\/\/api.w.org\/{rel}","templated":true}]}}

« Le chemin se fait en marchant »  Création 2015

<p><strong>Création</strong><span style="font-weight: 300;">&nbsp;théâtrale et musicale lors du <strong>Festival « Itinérance Tsigane »</strong> &nbsp;</span><strong>Novembre 2015</strong></p>
<p><iframe loading="lazy" title="LE CHEMIN  se fait en marchant, festival Itinérances Tsiganes" width="584" height="329" src="https://www.youtube.com/embed/WgP73gnpuIQ?feature=oembed" frameborder="0" allow="accelerometer; autoplay; clipboard-write; encrypted-media; gyroscope; picture-in-picture; web-share" referrerpolicy="strict-origin-when-cross-origin" allowfullscreen></iframe></p>
<p><span style="font-weight: 300;"> &nbsp; &nbsp; &nbsp; &nbsp; &nbsp; &nbsp; &nbsp; &nbsp; &nbsp; &nbsp; &nbsp; &nbsp; &nbsp; &nbsp; &nbsp; &nbsp; &nbsp; &nbsp; &nbsp; &nbsp; &nbsp; <strong>Texte</strong> : Bruno Guichard et Martine Duculty&nbsp; &nbsp;<a href="http://www.laparolede.fr/wp-content/uploads/IMG_4821_13.jpg"><img loading="lazy" decoding="async" class="size-medium wp-image-1757 alignright" title="IMG_4821_1" src="http://www.laparolede.fr/wp-content/uploads/IMG_4821_13-224x300.jpg" alt="" width="224" height="300" srcset="http://www.laparolede.fr/wp-content/uploads/IMG_4821_13-224x300.jpg 224w, http://www.laparolede.fr/wp-content/uploads/IMG_4821_13-767x1024.jpg 767w, http://www.laparolede.fr/wp-content/uploads/IMG_4821_13.jpg 850w" sizes="auto, (max-width: 224px) 100vw, 224px" /></a> &nbsp; &nbsp; &nbsp; &nbsp; &nbsp; &nbsp; &nbsp; &nbsp; &nbsp; &nbsp; &nbsp; &nbsp; &nbsp; &nbsp; &nbsp; &nbsp; &nbsp; &nbsp; &nbsp; &nbsp; &nbsp; &nbsp; &nbsp;&nbsp;</span></p>
<p><img loading="lazy" decoding="async" class="size-medium wp-image-1747 alignright" title="tract le chemin se fait0010" src="http://www.laparolede.fr/wp-content/uploads/tract-le-chemin-se-fait00103-214x300.jpg" alt="" width="214" height="300" srcset="http://www.laparolede.fr/wp-content/uploads/tract-le-chemin-se-fait00103-214x300.jpg 214w, http://www.laparolede.fr/wp-content/uploads/tract-le-chemin-se-fait00103-731x1024.jpg 731w, http://www.laparolede.fr/wp-content/uploads/tract-le-chemin-se-fait00103.jpg 1125w" sizes="auto, (max-width: 214px) 100vw, 214px" /><span style="font-weight: 300;">&nbsp; &nbsp; &nbsp; &nbsp; &nbsp; &nbsp; &nbsp; &nbsp; &nbsp; &nbsp; &nbsp; &nbsp; &nbsp; &nbsp; &nbsp; &nbsp; &nbsp; &nbsp; &nbsp; &nbsp; &nbsp; &nbsp; &nbsp; &nbsp;</span><span style="font-weight: 300;">&nbsp; &nbsp; &nbsp; &nbsp; &nbsp; &nbsp; &nbsp; &nbsp; <strong>&nbsp;Jeu :</strong> Fanny Chiressi et Jean Luc Peilhon&nbsp;</span></p>
<p><span style="font-weight: 300;">&nbsp;&nbsp;</span><span style="font-weight: 300;"><strong>Musique</strong>:&nbsp;Jean Luc Peilhon&nbsp; &nbsp; &nbsp; &nbsp; &nbsp; &nbsp; &nbsp; &nbsp; &nbsp; &nbsp; &nbsp; &nbsp; &nbsp; &nbsp; &nbsp; &nbsp; &nbsp; &nbsp; </span><span style="font-weight: 300;"><strong>Mise en scène</strong> : Florence Meier&nbsp; &nbsp; &nbsp; &nbsp; &nbsp; &nbsp; &nbsp; &nbsp; &nbsp; &nbsp; &nbsp; &nbsp; &nbsp; &nbsp; &nbsp; &nbsp; &nbsp; &nbsp; &nbsp; &nbsp; &nbsp; &nbsp; &nbsp; &nbsp; &nbsp; &nbsp; &nbsp; &nbsp; &nbsp; &nbsp; &nbsp; &nbsp; &nbsp; &nbsp;&nbsp;<strong>Co-Production</strong> Maison des Passages / Cie La parole de / L&rsquo;ARTAG</span><a style="font-weight: 300;" href="http://www.laparolede.fr/wp-content/uploads/tract-le-chemin-se-fait00103.jpg">&nbsp; &nbsp; &nbsp; &nbsp; &nbsp;</a></p>
<p><a href="http://www.laparolede.fr/wp-content/uploads/DSC03068.jpg"><img loading="lazy" decoding="async" class="size-medium wp-image-1758 aligncenter" title="DSC03068" src="http://www.laparolede.fr/wp-content/uploads/DSC03068-300x168.jpg" alt="" width="300" height="168" srcset="http://www.laparolede.fr/wp-content/uploads/DSC03068-300x168.jpg 300w, http://www.laparolede.fr/wp-content/uploads/DSC03068-1024x575.jpg 1024w, http://www.laparolede.fr/wp-content/uploads/DSC03068-500x281.jpg 500w" sizes="auto, (max-width: 300px) 100vw, 300px" /></a><a href="http://www.laparolede.fr/wp-content/uploads/DSC030951.jpg"><img loading="lazy" decoding="async" class="size-medium wp-image-1761 alignright" title="DSC03095" src="http://www.laparolede.fr/wp-content/uploads/DSC030951-300x168.jpg" alt="" width="300" height="168" srcset="http://www.laparolede.fr/wp-content/uploads/DSC030951-300x168.jpg 300w, http://www.laparolede.fr/wp-content/uploads/DSC030951-1024x575.jpg 1024w, http://www.laparolede.fr/wp-content/uploads/DSC030951-500x281.jpg 500w" sizes="auto, (max-width: 300px) 100vw, 300px" /></a></p>
<p>Reprise et tournée du spectacle<strong>&nbsp;</strong>en salle<strong>&nbsp;en 2016&nbsp;</strong>:&nbsp; &nbsp; &nbsp; &nbsp; &nbsp; &nbsp; &nbsp; &nbsp; &nbsp; &nbsp; &nbsp; &nbsp; &nbsp; &nbsp; &nbsp; &nbsp; &nbsp; &nbsp; 29 novembre au Théâtre des Asphodèles Lyon 3ème&nbsp; &nbsp; &nbsp; &nbsp; &nbsp; &nbsp; &nbsp; &nbsp; &nbsp; &nbsp; &nbsp; 30 novembre à 20h au Rexy à Riom (Clermont ferrand)&nbsp; &nbsp; &nbsp; &nbsp; &nbsp; &nbsp; &nbsp; &nbsp; &nbsp; &nbsp; &nbsp; &nbsp; &nbsp; &nbsp; &nbsp; 1 décembre à 19h au Prunier sauvage à Grenoble</p>
<p>5 décembre&nbsp;<span style="font-weight: 300;">au collège&nbsp;&nbsp;à Gerzat et à&nbsp;Bourgoin le 06 décembre 2016&nbsp; &nbsp; &nbsp; &nbsp; &nbsp; &nbsp; &nbsp; &nbsp; &nbsp; &nbsp; &nbsp; &nbsp; &nbsp; &nbsp;</span>30 mai&nbsp;<span style="font-weight: 300;">au Collège de Vaugneray<a href="http://www.laparolede.fr/wp-content/uploads/IMG_20151116_1632151.jpg"><img loading="lazy" decoding="async" class="alignright" title="IMG_20151116_163215" src="http://www.laparolede.fr/wp-content/uploads/IMG_20151116_1632151-180x300.jpg" alt="" width="180" height="300"></a></span></p>
<p><em>Le Festival Itinérances Tsiganes, est une des principales manifestation en France à valoriser les cultures tsiganes.&nbsp;Le Festival itinérance tsiganes investit une quinzaine de lieux culturels et associatifs, en donnant place et voix aux expressions culturelles et artistiques tsiganes.</em></p>
<p>L&rsquo;histoire de la pièce &#8230;<a href="http://www.laparolede.fr/wp-content/uploads/IMG_20151116_1234191.jpg"><img loading="lazy" decoding="async" title="IMG_20151116_123419" src="http://www.laparolede.fr/wp-content/uploads/IMG_20151116_1234191-180x300.jpg" alt="" width="180" height="300"></a></p>
<p>Martine Duculty est une voyageuse de la communauté des gens du voyage. Dans « Le chemin se fait en marchant », elle nous raconte son histoire, celle de sa famille manouche et nous mène sur les traces de son grand père. Celui qui ne voyageait jamais sans sa malle remplie d&rsquo;outils, de vêtements et de livres&#8230;. celui qui aimait les livres sans savoir lire. Récit intime qui vient rencontrer le récit historique (celle de l&rsquo;histoire de France), « Le chemin se fait en marchant » est aussi l&rsquo;histoire d&rsquo;une rencontre entre une voyageuse et un musicien poète : un « gadgo »&#8230; Deux personnages qui ont chacun un rapport au monde particulier, des croyances, des façons d’exister singulières et pourtant communes.<a href="http://www.laparolede.fr/wp-content/uploads/IMG_4808_11.jpg"><img loading="lazy" decoding="async" class="alignnone size-medium wp-image-1763" title="IMG_4808_1" src="http://www.laparolede.fr/wp-content/uploads/IMG_4808_11-300x274.jpg" alt="" width="300" height="274" srcset="http://www.laparolede.fr/wp-content/uploads/IMG_4808_11-300x274.jpg 300w, http://www.laparolede.fr/wp-content/uploads/IMG_4808_11-328x300.jpg 328w, http://www.laparolede.fr/wp-content/uploads/IMG_4808_11.jpg 572w" sizes="auto, (max-width: 300px) 100vw, 300px" /></a><a href="http://www.laparolede.fr/wp-content/uploads/IMG_4830_11.jpg"><img loading="lazy" decoding="async" class="alignnone size-medium wp-image-1765" title="IMG_4830_1" src="http://www.laparolede.fr/wp-content/uploads/IMG_4830_11-300x225.jpg" alt="" width="300" height="225" srcset="http://www.laparolede.fr/wp-content/uploads/IMG_4830_11-300x225.jpg 300w, http://www.laparolede.fr/wp-content/uploads/IMG_4830_11-1024x768.jpg 1024w, http://www.laparolede.fr/wp-content/uploads/IMG_4830_11-399x300.jpg 399w, http://www.laparolede.fr/wp-content/uploads/IMG_4830_11.jpg 1346w" sizes="auto, (max-width: 300px) 100vw, 300px" /></a></p>

<p>Création&nbsp;théâtrale et musicale lors du Festival « Itinérance Tsigane » &nbsp;Novembre 2015 &nbsp; &nbsp; &nbsp; &nbsp; &nbsp; &nbsp; &nbsp; &nbsp; &nbsp; &nbsp; &nbsp; &nbsp; &nbsp; &nbsp; &nbsp; &nbsp; &nbsp; &nbsp; &nbsp; &nbsp; &nbsp; Texte : Bruno Guichard et Martine Duculty&nbsp; &nbsp; &nbsp; &hellip; <a href="http://www.laparolede.fr/?page_id=1091">Continuer la lecture <span class="meta-nav">&rarr;</span></a></p>
