{"id":16,"date":"2012-09-02T10:47:03","date_gmt":"2012-09-02T09:47:03","guid":{"rendered":"http:\/\/www.laparolede.fr\/?page_id=16"},"modified":"2018-09-11T13:00:29","modified_gmt":"2018-09-11T12:00:29","slug":"les-nouvelles-creations","status":"publish","type":"page","link":"http:\/\/www.laparolede.fr\/?page_id=16","title":{"rendered":"\u00ab\u00a0Effet papillon\u00a0\u00bb 2012"},"content":{"rendered":"<div align=\"center\"><strong><strong><em>Trag\u00e9die po\u00e9tique et musicale en 5 actes<\/em><\/strong><\/strong><\/div>\n<div align=\"center\"><a href=\"http:\/\/www.laparolede.fr\/wp-content\/uploads\/IMG_00032.jpg\"><img loading=\"lazy\" decoding=\"async\" title=\"IMG_0003\" src=\"http:\/\/www.laparolede.fr\/wp-content\/uploads\/IMG_00032-300x213.jpg\" alt=\"\" width=\"300\" height=\"213\"><\/a><\/div>\n<div align=\"center\"><iframe loading=\"lazy\" src=\"\/\/www.youtube.com\/embed\/tCOa9oIJ340\" width=\"560\" height=\"315\" frameborder=\"0\"><\/iframe><\/div>\n<div align=\"center\"><img loading=\"lazy\" decoding=\"async\" title=\"DSC02611\" src=\"http:\/\/www.laparolede.fr\/wp-content\/uploads\/DSC026111.jpg\" alt=\"\" width=\"640\" height=\"176\"><\/div>\n<div align=\"center\">&nbsp;<\/div>\n<div align=\"center\"><strong><strong><em><img loading=\"lazy\" decoding=\"async\" class=\"alignleft\" title=\"DSC_1704\" src=\"http:\/\/www.laparolede.fr\/wp-content\/uploads\/DSC_1704-300x257.jpg\" alt=\"\" width=\"300\" height=\"257\"><\/em><\/strong><\/strong><\/div>\n<div align=\"center\">\n<div align=\"center\"><strong>&nbsp;<wbr>Avec Anne Bou\u00e9, Isha Bietry et Karine Dufaut<br \/>\nCr\u00e9ation musicale : Fred Meyer et Mag Mooken<br \/>\nL<wbr>umi\u00e8res : Mikael Gorce&nbsp;&nbsp;&nbsp;&nbsp;&nbsp;&nbsp;&nbsp;<\/strong><\/div>\n<div align=\"center\"><strong>M<\/strong><strong>ise en sc\u00e8ne : Florence Meier<\/strong><\/div>\n<div align=\"center\">&nbsp;<\/div>\n<div align=\"center\">&nbsp;<\/div>\n<div align=\"center\">&nbsp;<\/div>\n<p align=\"left\"><em>\u00ab Je crois au rayon de soleil magique qui transperce le vitrail d\u2019une \u00e9glise. Je m\u2019y installe avec l\u2019id\u00e9e de pouvoir partager cette chose indescriptible avec d\u2019autres gens. Je crois \u00e0 la beaut\u00e9 parce que la beaut\u00e9 est la couleur de la libert\u00e9, et la libert\u00e9 la couleur de la beaut\u00e9. \u00bb<\/em> d&rsquo;apr\u00e8s Yan Fabre<\/p>\n<p align=\"left\"><strong>\u00ab\u00a0Effet papillon\u00a0\u00bb<\/strong> &#8230; \u00e7a commence comme une r\u00e9p\u00e9tition th\u00e9\u00e2trale, \u00e7a devient un conte,&nbsp; puis un po\u00e8me,&nbsp; \u00e7a continue comme un concert de musique, pour finir sur une trag\u00e9die th\u00e9\u00e2trale.&nbsp;<a href=\"http:\/\/www.laparolede.fr\/wp-content\/uploads\/tract-effet-papillon0003.jpg\"><img loading=\"lazy\" decoding=\"async\" class=\"alignright\" title=\"tract effet papillon0003\" src=\"http:\/\/www.laparolede.fr\/wp-content\/uploads\/tract-effet-papillon0003-203x300.jpg\" alt=\"\" width=\"203\" height=\"300\"><\/a><\/p>\n<\/div>\n<div align=\"center\">\n<p style=\"text-align: left;\">\u00ab\u00a0<em>Mon d\u00e9sir a \u00e9t\u00e9 de mettre en sc\u00e8ne la force de vie de l\u2019\u00eatre humain : repr\u00e9senter luttes et tentatives pour acc\u00e9der \u00e0 plus de libert\u00e9 et de jouissance.&nbsp;J&rsquo;ai voulu rendre un hommage au th\u00e9\u00e2tre et plus globalement \u00e0 l\u2019art dans sa capacit\u00e9 \u00e0 cr\u00e9er des instants de r\u00eave et de beaut\u00e9, comme \u00e0 sa capacit\u00e9 de nous&nbsp;\u00ab reconnecter \u00bb \u00e0 notre corps et \u00e0 notre c\u0153ur<\/em>.\u00a0\u00bb&nbsp;&nbsp; &nbsp;<em>&nbsp; &nbsp; &nbsp; &nbsp; &nbsp; &nbsp; &nbsp; &nbsp; &nbsp; &nbsp;<\/em>&nbsp; &nbsp; &nbsp; &nbsp; &nbsp; &nbsp; &nbsp; &nbsp; &nbsp; &nbsp; &nbsp; &nbsp; &nbsp; &nbsp; &nbsp; &nbsp; &nbsp; &nbsp; &nbsp; &nbsp; &nbsp; &nbsp; &nbsp; &nbsp; &nbsp; &nbsp; &nbsp; &nbsp; &nbsp; &nbsp; &nbsp; &nbsp; &nbsp; &nbsp; &nbsp; &nbsp; &nbsp; &nbsp; &nbsp; &nbsp; &nbsp; &nbsp; &nbsp; &nbsp; &nbsp; &nbsp; &nbsp; &nbsp; &nbsp; &nbsp; &nbsp; &nbsp; &nbsp; &nbsp; &nbsp; &nbsp; &nbsp; &nbsp; &nbsp;\u00ab Effet papillon \u00bb est fait de fragments : fragments de textes et fragments de vie. Il est construit comme un r\u00eave, comme un po\u00e8me en 5 tableaux, fait de mots, d\u2019images et de notes de musique. Il met en sc\u00e8ne trois figures de femmes qui pourraient \u00eatre trois visages d\u2019une m\u00eame femme. Chacune tente de se lib\u00e9rer de son histoire, d\u2019un arch\u00e9type et met en lumi\u00e8re les liens qu\u2019il existe entre un personnage, issu de l\u2019imaginaire collectif comme la reine, la nourrice\u2026 et les probl\u00e9matiques de la femme contemporaine.&nbsp;&nbsp;&nbsp;&nbsp;&nbsp; &nbsp; &nbsp; &nbsp; &nbsp; &nbsp; &nbsp;&nbsp;<a href=\"http:\/\/www.laparolede.fr\/wp-content\/uploads\/DSC_1729.jpg\"><img loading=\"lazy\" decoding=\"async\" title=\"DSC_1729\" src=\"http:\/\/www.laparolede.fr\/wp-content\/uploads\/DSC_1729-239x300.jpg\" alt=\"\" width=\"236\" height=\"278\"><\/a>&nbsp; <img loading=\"lazy\" decoding=\"async\" title=\"DSC02603\" src=\"http:\/\/www.laparolede.fr\/wp-content\/uploads\/DSC026033-300x265.jpg\" alt=\"\" width=\"300\" height=\"265\"><a href=\"http:\/\/www.laparolede.fr\/wp-content\/uploads\/DSC_1756-Copie.jpg\"><img loading=\"lazy\" decoding=\"async\" class=\"wp-image-320\" title=\"DSC_1756 - Copie\" src=\"http:\/\/www.laparolede.fr\/wp-content\/uploads\/DSC_1756-Copie-263x300.jpg\" alt=\"\" width=\"160\" height=\"284\"><\/a>&nbsp;<img loading=\"lazy\" decoding=\"async\" class=\"size-medium wp-image-677 alignright\" title=\"DSC02622\" src=\"http:\/\/www.laparolede.fr\/wp-content\/uploads\/DSC026222-300x202.jpg\" alt=\"\" width=\"300\" height=\"202\" srcset=\"http:\/\/www.laparolede.fr\/wp-content\/uploads\/DSC026222-300x202.jpg 300w, http:\/\/www.laparolede.fr\/wp-content\/uploads\/DSC026222-443x300.jpg 443w, http:\/\/www.laparolede.fr\/wp-content\/uploads\/DSC026222.jpg 640w\" sizes=\"auto, (max-width: 300px) 100vw, 300px\" \/><\/p>\n<p style=\"text-align: left;\" align=\"left\"><em>\u00ab C\u2019est la mer sans terre autour sans rocher sans bateau sans bou\u00e9e tout seul tout nu tout essouffl\u00e9 avec vraiment personne rien avec les paroles les vagues qui vont trop vite la peur de couler de ne plus respirer le manque de silence la rage de lutter la tentative de parler pourtant mais l\u2019eau est froide et les conversations sans recours \u00bb<\/em> d&rsquo;apr\u00e8s Albane Gelle<\/p>\n<\/div>\n<div align=\"center\">\n<p style=\"text-align: left;\"><em>\u00ab\u00a0Dans ce spectacle, le questionnement intime vient nourrir la pr\u00e9sence des com\u00e9diennes et la profondeur de leur personnage. Sept mois d\u2019improvisations ont permis d\u2019aborder le sujet de nos h\u00e9ritages f\u00e9minins, le r\u00e9cit de nos exp\u00e9riences de sensualit\u00e9, de maternit\u00e9 et de sexualit\u00e9. Le com\u00e9dien utilise selon moi autant sa technique th\u00e9\u00e2trale que son exp\u00e9rience personnelle pour nourrir son personnage, il devient sur sc\u00e8ne r\u00e9v\u00e9lateur d\u2019un personnage, \u00e0 travers ce qu\u2019il a construit et exp\u00e9riment\u00e9 mais aussi \u00e0 travers ce qui s\u2019\u00e9chappe de lui-m\u00eame.\u00a0\u00bb<\/em><\/p>\n<p>&nbsp;<\/p>\n<\/div>\n<p align=\"center\">&nbsp;<\/p>\n","protected":false},"excerpt":{"rendered":"<p>Trag\u00e9die po\u00e9tique et musicale en 5 actes &nbsp; &nbsp;Avec Anne Bou\u00e9, Isha Bietry et Karine Dufaut Cr\u00e9ation musicale : Fred Meyer et Mag Mooken Lumi\u00e8res : Mikael Gorce&nbsp;&nbsp;&nbsp;&nbsp;&nbsp;&nbsp;&nbsp; Mise en sc\u00e8ne : Florence Meier &nbsp; &nbsp; &nbsp; \u00ab Je crois &hellip; <a href=\"http:\/\/www.laparolede.fr\/?page_id=16\">Continuer la lecture <span class=\"meta-nav\">&rarr;<\/span><\/a><\/p>\n","protected":false},"author":1,"featured_media":0,"parent":18,"menu_order":4,"comment_status":"closed","ping_status":"closed","template":"","meta":{"ngg_post_thumbnail":0,"footnotes":""},"class_list":["post-16","page","type-page","status-publish","hentry"],"jetpack_sharing_enabled":true,"_links":{"self":[{"href":"http:\/\/www.laparolede.fr\/index.php?rest_route=\/wp\/v2\/pages\/16","targetHints":{"allow":["GET"]}}],"collection":[{"href":"http:\/\/www.laparolede.fr\/index.php?rest_route=\/wp\/v2\/pages"}],"about":[{"href":"http:\/\/www.laparolede.fr\/index.php?rest_route=\/wp\/v2\/types\/page"}],"author":[{"embeddable":true,"href":"http:\/\/www.laparolede.fr\/index.php?rest_route=\/wp\/v2\/users\/1"}],"replies":[{"embeddable":true,"href":"http:\/\/www.laparolede.fr\/index.php?rest_route=%2Fwp%2Fv2%2Fcomments&post=16"}],"version-history":[{"count":54,"href":"http:\/\/www.laparolede.fr\/index.php?rest_route=\/wp\/v2\/pages\/16\/revisions"}],"predecessor-version":[{"id":1956,"href":"http:\/\/www.laparolede.fr\/index.php?rest_route=\/wp\/v2\/pages\/16\/revisions\/1956"}],"up":[{"embeddable":true,"href":"http:\/\/www.laparolede.fr\/index.php?rest_route=\/wp\/v2\/pages\/18"}],"wp:attachment":[{"href":"http:\/\/www.laparolede.fr\/index.php?rest_route=%2Fwp%2Fv2%2Fmedia&parent=16"}],"curies":[{"name":"wp","href":"https:\/\/api.w.org\/{rel}","templated":true}]}}

<div align="center"><strong><strong><em>Tragédie poétique et musicale en 5 actes</em></strong></strong></div>
<div align="center"><a href="http://www.laparolede.fr/wp-content/uploads/IMG_00032.jpg"><img loading="lazy" decoding="async" title="IMG_0003" src="http://www.laparolede.fr/wp-content/uploads/IMG_00032-300x213.jpg" alt="" width="300" height="213"></a></div>
<div align="center"><iframe loading="lazy" src="//www.youtube.com/embed/tCOa9oIJ340" width="560" height="315" frameborder="0"></iframe></div>
<div align="center"><img loading="lazy" decoding="async" title="DSC02611" src="http://www.laparolede.fr/wp-content/uploads/DSC026111.jpg" alt="" width="640" height="176"></div>
<div align="center">&nbsp;</div>
<div align="center"><strong><strong><em><img loading="lazy" decoding="async" class="alignleft" title="DSC_1704" src="http://www.laparolede.fr/wp-content/uploads/DSC_1704-300x257.jpg" alt="" width="300" height="257"></em></strong></strong></div>
<div align="center">
<div align="center"><strong>&nbsp;<wbr>Avec Anne Boué, Isha Bietry et Karine Dufaut<br />
Création musicale : Fred Meyer et Mag Mooken<br />
L<wbr>umières : Mikael Gorce&nbsp;&nbsp;&nbsp;&nbsp;&nbsp;&nbsp;&nbsp;</strong></div>
<div align="center"><strong>M</strong><strong>ise en scène : Florence Meier</strong></div>
<div align="center">&nbsp;</div>
<div align="center">&nbsp;</div>
<div align="center">&nbsp;</div>
<p align="left"><em>« Je crois au rayon de soleil magique qui transperce le vitrail d’une église. Je m’y installe avec l’idée de pouvoir partager cette chose indescriptible avec d’autres gens. Je crois à la beauté parce que la beauté est la couleur de la liberté, et la liberté la couleur de la beauté. »</em> d&rsquo;après Yan Fabre</p>
<p align="left"><strong>« Effet papillon »</strong> &#8230; ça commence comme une répétition théâtrale, ça devient un conte,&nbsp; puis un poème,&nbsp; ça continue comme un concert de musique, pour finir sur une tragédie théâtrale.&nbsp;<a href="http://www.laparolede.fr/wp-content/uploads/tract-effet-papillon0003.jpg"><img loading="lazy" decoding="async" class="alignright" title="tract effet papillon0003" src="http://www.laparolede.fr/wp-content/uploads/tract-effet-papillon0003-203x300.jpg" alt="" width="203" height="300"></a></p>
</div>
<div align="center">
<p style="text-align: left;">« <em>Mon désir a été de mettre en scène la force de vie de l’être humain : représenter luttes et tentatives pour accéder à plus de liberté et de jouissance.&nbsp;J&rsquo;ai voulu rendre un hommage au théâtre et plus globalement à l’art dans sa capacité à créer des instants de rêve et de beauté, comme à sa capacité de nous&nbsp;« reconnecter » à notre corps et à notre cœur</em>. »&nbsp;&nbsp; &nbsp;<em>&nbsp; &nbsp; &nbsp; &nbsp; &nbsp; &nbsp; &nbsp; &nbsp; &nbsp; &nbsp;</em>&nbsp; &nbsp; &nbsp; &nbsp; &nbsp; &nbsp; &nbsp; &nbsp; &nbsp; &nbsp; &nbsp; &nbsp; &nbsp; &nbsp; &nbsp; &nbsp; &nbsp; &nbsp; &nbsp; &nbsp; &nbsp; &nbsp; &nbsp; &nbsp; &nbsp; &nbsp; &nbsp; &nbsp; &nbsp; &nbsp; &nbsp; &nbsp; &nbsp; &nbsp; &nbsp; &nbsp; &nbsp; &nbsp; &nbsp; &nbsp; &nbsp; &nbsp; &nbsp; &nbsp; &nbsp; &nbsp; &nbsp; &nbsp; &nbsp; &nbsp; &nbsp; &nbsp; &nbsp; &nbsp; &nbsp; &nbsp; &nbsp; &nbsp; &nbsp;« Effet papillon » est fait de fragments : fragments de textes et fragments de vie. Il est construit comme un rêve, comme un poème en 5 tableaux, fait de mots, d’images et de notes de musique. Il met en scène trois figures de femmes qui pourraient être trois visages d’une même femme. Chacune tente de se libérer de son histoire, d’un archétype et met en lumière les liens qu’il existe entre un personnage, issu de l’imaginaire collectif comme la reine, la nourrice… et les problématiques de la femme contemporaine.&nbsp;&nbsp;&nbsp;&nbsp;&nbsp; &nbsp; &nbsp; &nbsp; &nbsp; &nbsp; &nbsp;&nbsp;<a href="http://www.laparolede.fr/wp-content/uploads/DSC_1729.jpg"><img loading="lazy" decoding="async" title="DSC_1729" src="http://www.laparolede.fr/wp-content/uploads/DSC_1729-239x300.jpg" alt="" width="236" height="278"></a>&nbsp; <img loading="lazy" decoding="async" title="DSC02603" src="http://www.laparolede.fr/wp-content/uploads/DSC026033-300x265.jpg" alt="" width="300" height="265"><a href="http://www.laparolede.fr/wp-content/uploads/DSC_1756-Copie.jpg"><img loading="lazy" decoding="async" class="wp-image-320" title="DSC_1756 - Copie" src="http://www.laparolede.fr/wp-content/uploads/DSC_1756-Copie-263x300.jpg" alt="" width="160" height="284"></a>&nbsp;<img loading="lazy" decoding="async" class="size-medium wp-image-677 alignright" title="DSC02622" src="http://www.laparolede.fr/wp-content/uploads/DSC026222-300x202.jpg" alt="" width="300" height="202" srcset="http://www.laparolede.fr/wp-content/uploads/DSC026222-300x202.jpg 300w, http://www.laparolede.fr/wp-content/uploads/DSC026222-443x300.jpg 443w, http://www.laparolede.fr/wp-content/uploads/DSC026222.jpg 640w" sizes="auto, (max-width: 300px) 100vw, 300px" /></p>
<p style="text-align: left;" align="left"><em>« C’est la mer sans terre autour sans rocher sans bateau sans bouée tout seul tout nu tout essoufflé avec vraiment personne rien avec les paroles les vagues qui vont trop vite la peur de couler de ne plus respirer le manque de silence la rage de lutter la tentative de parler pourtant mais l’eau est froide et les conversations sans recours »</em> d&rsquo;après Albane Gelle</p>
</div>
<div align="center">
<p style="text-align: left;"><em>« Dans ce spectacle, le questionnement intime vient nourrir la présence des comédiennes et la profondeur de leur personnage. Sept mois d’improvisations ont permis d’aborder le sujet de nos héritages féminins, le récit de nos expériences de sensualité, de maternité et de sexualité. Le comédien utilise selon moi autant sa technique théâtrale que son expérience personnelle pour nourrir son personnage, il devient sur scène révélateur d’un personnage, à travers ce qu’il a construit et expérimenté mais aussi à travers ce qui s’échappe de lui-même. »</em></p>
<p>&nbsp;</p>
</div>
<p align="center">&nbsp;</p>

<p>Tragédie poétique et musicale en 5 actes &nbsp; &nbsp;Avec Anne Boué, Isha Bietry et Karine Dufaut Création musicale : Fred Meyer et Mag Mooken Lumières : Mikael Gorce&nbsp;&nbsp;&nbsp;&nbsp;&nbsp;&nbsp;&nbsp; Mise en scène : Florence Meier &nbsp; &nbsp; &nbsp; « Je crois &hellip; <a href="http://www.laparolede.fr/?page_id=16">Continuer la lecture <span class="meta-nav">&rarr;</span></a></p>
