{"id":1883,"date":"2018-06-24T22:58:00","date_gmt":"2018-06-24T21:58:00","guid":{"rendered":"http:\/\/www.laparolede.fr\/?page_id=1883"},"modified":"2018-09-20T13:30:31","modified_gmt":"2018-09-20T12:30:31","slug":"devenir-citoyen-et-les-contes-de-nasreddine","status":"publish","type":"page","link":"http:\/\/www.laparolede.fr\/?page_id=1883","title":{"rendered":"Les contes de Nasreddine Hodja"},"content":{"rendered":"<p><em>Cette cr\u00e9ation a \u00e9t\u00e9 r\u00e9alis\u00e9 avec les enfants de l&rsquo;\u00e9cole Giono et ceux de la Maison de l&rsquo;enfance \u00e0 Venissieux. Elle peut se r\u00e9aliser avec diff\u00e9rents groupes en milieu scolaire ou en centre de loisir.<\/em><\/p>\n<p><a href=\"http:\/\/www.laparolede.fr\/wp-content\/uploads\/cm2-tract-couleurA4-copie-1.png\"><img loading=\"lazy\" decoding=\"async\" class=\"alignnone size-medium wp-image-2036\" src=\"http:\/\/www.laparolede.fr\/wp-content\/uploads\/cm2-tract-couleurA4-copie-1-300x212.png\" alt=\"\" width=\"300\" height=\"212\" srcset=\"http:\/\/www.laparolede.fr\/wp-content\/uploads\/cm2-tract-couleurA4-copie-1-300x212.png 300w, http:\/\/www.laparolede.fr\/wp-content\/uploads\/cm2-tract-couleurA4-copie-1-768x543.png 768w, http:\/\/www.laparolede.fr\/wp-content\/uploads\/cm2-tract-couleurA4-copie-1-1024x724.png 1024w, http:\/\/www.laparolede.fr\/wp-content\/uploads\/cm2-tract-couleurA4-copie-1-424x300.png 424w\" sizes=\"auto, (max-width: 300px) 100vw, 300px\" \/><\/a>&nbsp;<a href=\"http:\/\/www.laparolede.fr\/wp-content\/uploads\/Nasreddine3-1.png\"><img loading=\"lazy\" decoding=\"async\" class=\"alignnone size-medium wp-image-2037\" src=\"http:\/\/www.laparolede.fr\/wp-content\/uploads\/Nasreddine3-1-212x300.png\" alt=\"\" width=\"212\" height=\"300\" srcset=\"http:\/\/www.laparolede.fr\/wp-content\/uploads\/Nasreddine3-1-212x300.png 212w, http:\/\/www.laparolede.fr\/wp-content\/uploads\/Nasreddine3-1.png 420w\" sizes=\"auto, (max-width: 212px) 100vw, 212px\" \/>&nbsp;&nbsp;<\/a><\/p>\n<p>Les contes de Nasreddine c&rsquo;est le projet de monter un spectacle avec des enfants \u00e0 partir de ces petites histoires orales transport\u00e9es au fil du temps et dont le h\u00e9ros s&rsquo;appelle Nasreddine Hodja.&nbsp; &nbsp;<\/p>\n<p><a href=\"http:\/\/www.laparolede.fr\/wp-content\/uploads\/P1220739.jpg\"><img loading=\"lazy\" decoding=\"async\" class=\"alignnone size-large wp-image-2046\" src=\"http:\/\/www.laparolede.fr\/wp-content\/uploads\/P1220739-1024x452.jpg\" alt=\"\" width=\"584\" height=\"258\" srcset=\"http:\/\/www.laparolede.fr\/wp-content\/uploads\/P1220739-1024x452.jpg 1024w, http:\/\/www.laparolede.fr\/wp-content\/uploads\/P1220739-300x132.jpg 300w, http:\/\/www.laparolede.fr\/wp-content\/uploads\/P1220739-768x339.jpg 768w, http:\/\/www.laparolede.fr\/wp-content\/uploads\/P1220739-500x221.jpg 500w\" sizes=\"auto, (max-width: 584px) 100vw, 584px\" \/><\/a> &nbsp;<a href=\"http:\/\/www.laparolede.fr\/wp-content\/uploads\/IMG_6420-1.jpg\"><img loading=\"lazy\" decoding=\"async\" class=\"size-medium wp-image-2039 alignright\" src=\"http:\/\/www.laparolede.fr\/wp-content\/uploads\/IMG_6420-1-300x200.jpg\" alt=\"\" width=\"300\" height=\"200\" srcset=\"http:\/\/www.laparolede.fr\/wp-content\/uploads\/IMG_6420-1-300x200.jpg 300w, http:\/\/www.laparolede.fr\/wp-content\/uploads\/IMG_6420-1-768x512.jpg 768w, http:\/\/www.laparolede.fr\/wp-content\/uploads\/IMG_6420-1-1024x683.jpg 1024w, http:\/\/www.laparolede.fr\/wp-content\/uploads\/IMG_6420-1-450x300.jpg 450w\" sizes=\"auto, (max-width: 300px) 100vw, 300px\" \/><\/a><\/p>\n<p>Cette cr\u00e9ation mis en sc\u00e8ne de fa\u00e7on collective par Florence Meier et les enfants participants, permet de d\u00e9couvrir le jeu th\u00e9\u00e2tral, l&rsquo; interpr\u00e9tation d&rsquo;un personnage, le jeu des \u00e9motions, l&rsquo;apprentissage d&rsquo;un texte, et le partage de ses imaginaires et de ses savoirs- faire.&nbsp;Les enfants sont amen\u00e9s de fa\u00e7on ludique \u00e0 d\u00e9finir, d\u00e9battre et r\u00eaver ces trois notions : libert\u00e9, \u00e9galit\u00e9 et fraternit\u00e9 \u00e0 travers les r\u00e9flexions que suscitent ces petites histoires pleines de sagesse.<\/p>\n<p><a href=\"http:\/\/www.laparolede.fr\/wp-content\/uploads\/DSC04258.jpg\"><img loading=\"lazy\" decoding=\"async\" class=\"alignnone size-large wp-image-2044\" src=\"http:\/\/www.laparolede.fr\/wp-content\/uploads\/DSC04258-1024x507.jpg\" alt=\"\" width=\"584\" height=\"289\" srcset=\"http:\/\/www.laparolede.fr\/wp-content\/uploads\/DSC04258-1024x507.jpg 1024w, http:\/\/www.laparolede.fr\/wp-content\/uploads\/DSC04258-300x149.jpg 300w, http:\/\/www.laparolede.fr\/wp-content\/uploads\/DSC04258-768x380.jpg 768w, http:\/\/www.laparolede.fr\/wp-content\/uploads\/DSC04258-500x248.jpg 500w\" sizes=\"auto, (max-width: 584px) 100vw, 584px\" \/><\/a><\/p>\n<p>Nasreddine Hodja est un h\u00e9ros populaire de tradition orale, pr\u00e9sent dans nos biblioth\u00e8ques municipales, connu aujourd\u2019hui dans le monde entier, il est apparu au 8<sup>\u00e8me<\/sup> si\u00e8cle en Irak et en Turquie. Ses histoires vont ensuite se r\u00e9pandre en Iran, au Pakistan puis en Asie, en Inde et en Chine, et au sud de la m\u00e9diterran\u00e9e.<\/p>\n<p style=\"text-align: right;\">Comme tous les contes, ces courtes histoires dr\u00f4les, absurdes et pleines de sagesse, facile \u00e0 m\u00e9moriser&nbsp; continuent de nourrir l\u2019imaginaire et la r\u00e9flexion des grands et des petits car elles ont une port\u00e9e universelle. Nasreddine, porte diff\u00e9rents noms, c\u2019est aussi Abou Ghosn, Jiha, Goha, Djeha, Ch\u2019ha ou encore Jouffa. Personnage insolent, sot, et en m\u00eame intelligent il raconte et d\u00e9nonce l\u2019avarice, la jalousie, le pouvoir, les fausses croyances. Les histoires de Nasreddine sont un t\u00e9moignage de la force de la parole. Avec le mot juste, l\u2019humour ou l\u2019allusion, elles arrivent \u00e0 dire ce qu\u2019il est souvent difficile d\u2019exprimer. Elles pointent nos petits et grands d\u00e9fauts, pour nous pousser \u00e0 r\u00e9fl\u00e9chir mais elles le font toujours avec po\u00e9sie et humour.&nbsp;<a href=\"http:\/\/www.laparolede.fr\/wp-content\/uploads\/DSC04256.jpg\"><img loading=\"lazy\" decoding=\"async\" class=\"alignnone size-medium wp-image-2042\" src=\"http:\/\/www.laparolede.fr\/wp-content\/uploads\/DSC04256-300x251.jpg\" alt=\"\" width=\"300\" height=\"251\" srcset=\"http:\/\/www.laparolede.fr\/wp-content\/uploads\/DSC04256-300x251.jpg 300w, http:\/\/www.laparolede.fr\/wp-content\/uploads\/DSC04256-768x642.jpg 768w, http:\/\/www.laparolede.fr\/wp-content\/uploads\/DSC04256-1024x855.jpg 1024w, http:\/\/www.laparolede.fr\/wp-content\/uploads\/DSC04256-359x300.jpg 359w\" sizes=\"auto, (max-width: 300px) 100vw, 300px\" \/><\/a><\/p>\n","protected":false},"excerpt":{"rendered":"<p>Cette cr\u00e9ation a \u00e9t\u00e9 r\u00e9alis\u00e9 avec les enfants de l&rsquo;\u00e9cole Giono et ceux de la Maison de l&rsquo;enfance \u00e0 Venissieux. Elle peut se r\u00e9aliser avec diff\u00e9rents groupes en milieu scolaire ou en centre de loisir. &nbsp;&nbsp;&nbsp; Les contes de Nasreddine &hellip; <a href=\"http:\/\/www.laparolede.fr\/?page_id=1883\">Continuer la lecture <span class=\"meta-nav\">&rarr;<\/span><\/a><\/p>\n","protected":false},"author":1,"featured_media":0,"parent":1015,"menu_order":1,"comment_status":"open","ping_status":"open","template":"","meta":{"ngg_post_thumbnail":0,"footnotes":""},"class_list":["post-1883","page","type-page","status-publish","hentry"],"jetpack_sharing_enabled":true,"_links":{"self":[{"href":"http:\/\/www.laparolede.fr\/index.php?rest_route=\/wp\/v2\/pages\/1883","targetHints":{"allow":["GET"]}}],"collection":[{"href":"http:\/\/www.laparolede.fr\/index.php?rest_route=\/wp\/v2\/pages"}],"about":[{"href":"http:\/\/www.laparolede.fr\/index.php?rest_route=\/wp\/v2\/types\/page"}],"author":[{"embeddable":true,"href":"http:\/\/www.laparolede.fr\/index.php?rest_route=\/wp\/v2\/users\/1"}],"replies":[{"embeddable":true,"href":"http:\/\/www.laparolede.fr\/index.php?rest_route=%2Fwp%2Fv2%2Fcomments&post=1883"}],"version-history":[{"count":7,"href":"http:\/\/www.laparolede.fr\/index.php?rest_route=\/wp\/v2\/pages\/1883\/revisions"}],"predecessor-version":[{"id":2049,"href":"http:\/\/www.laparolede.fr\/index.php?rest_route=\/wp\/v2\/pages\/1883\/revisions\/2049"}],"up":[{"embeddable":true,"href":"http:\/\/www.laparolede.fr\/index.php?rest_route=\/wp\/v2\/pages\/1015"}],"wp:attachment":[{"href":"http:\/\/www.laparolede.fr\/index.php?rest_route=%2Fwp%2Fv2%2Fmedia&parent=1883"}],"curies":[{"name":"wp","href":"https:\/\/api.w.org\/{rel}","templated":true}]}}

<p><em>Cette création a été réalisé avec les enfants de l&rsquo;école Giono et ceux de la Maison de l&rsquo;enfance à Venissieux. Elle peut se réaliser avec différents groupes en milieu scolaire ou en centre de loisir.</em></p>
<p><a href="http://www.laparolede.fr/wp-content/uploads/cm2-tract-couleurA4-copie-1.png"><img loading="lazy" decoding="async" class="alignnone size-medium wp-image-2036" src="http://www.laparolede.fr/wp-content/uploads/cm2-tract-couleurA4-copie-1-300x212.png" alt="" width="300" height="212" srcset="http://www.laparolede.fr/wp-content/uploads/cm2-tract-couleurA4-copie-1-300x212.png 300w, http://www.laparolede.fr/wp-content/uploads/cm2-tract-couleurA4-copie-1-768x543.png 768w, http://www.laparolede.fr/wp-content/uploads/cm2-tract-couleurA4-copie-1-1024x724.png 1024w, http://www.laparolede.fr/wp-content/uploads/cm2-tract-couleurA4-copie-1-424x300.png 424w" sizes="auto, (max-width: 300px) 100vw, 300px" /></a>&nbsp;<a href="http://www.laparolede.fr/wp-content/uploads/Nasreddine3-1.png"><img loading="lazy" decoding="async" class="alignnone size-medium wp-image-2037" src="http://www.laparolede.fr/wp-content/uploads/Nasreddine3-1-212x300.png" alt="" width="212" height="300" srcset="http://www.laparolede.fr/wp-content/uploads/Nasreddine3-1-212x300.png 212w, http://www.laparolede.fr/wp-content/uploads/Nasreddine3-1.png 420w" sizes="auto, (max-width: 212px) 100vw, 212px" />&nbsp;&nbsp;</a></p>
<p>Les contes de Nasreddine c&rsquo;est le projet de monter un spectacle avec des enfants à partir de ces petites histoires orales transportées au fil du temps et dont le héros s&rsquo;appelle Nasreddine Hodja.&nbsp; &nbsp;</p>
<p><a href="http://www.laparolede.fr/wp-content/uploads/P1220739.jpg"><img loading="lazy" decoding="async" class="alignnone size-large wp-image-2046" src="http://www.laparolede.fr/wp-content/uploads/P1220739-1024x452.jpg" alt="" width="584" height="258" srcset="http://www.laparolede.fr/wp-content/uploads/P1220739-1024x452.jpg 1024w, http://www.laparolede.fr/wp-content/uploads/P1220739-300x132.jpg 300w, http://www.laparolede.fr/wp-content/uploads/P1220739-768x339.jpg 768w, http://www.laparolede.fr/wp-content/uploads/P1220739-500x221.jpg 500w" sizes="auto, (max-width: 584px) 100vw, 584px" /></a> &nbsp;<a href="http://www.laparolede.fr/wp-content/uploads/IMG_6420-1.jpg"><img loading="lazy" decoding="async" class="size-medium wp-image-2039 alignright" src="http://www.laparolede.fr/wp-content/uploads/IMG_6420-1-300x200.jpg" alt="" width="300" height="200" srcset="http://www.laparolede.fr/wp-content/uploads/IMG_6420-1-300x200.jpg 300w, http://www.laparolede.fr/wp-content/uploads/IMG_6420-1-768x512.jpg 768w, http://www.laparolede.fr/wp-content/uploads/IMG_6420-1-1024x683.jpg 1024w, http://www.laparolede.fr/wp-content/uploads/IMG_6420-1-450x300.jpg 450w" sizes="auto, (max-width: 300px) 100vw, 300px" /></a></p>
<p>Cette création mis en scène de façon collective par Florence Meier et les enfants participants, permet de découvrir le jeu théâtral, l&rsquo; interprétation d&rsquo;un personnage, le jeu des émotions, l&rsquo;apprentissage d&rsquo;un texte, et le partage de ses imaginaires et de ses savoirs- faire.&nbsp;Les enfants sont amenés de façon ludique à définir, débattre et rêver ces trois notions : liberté, égalité et fraternité à travers les réflexions que suscitent ces petites histoires pleines de sagesse.</p>
<p><a href="http://www.laparolede.fr/wp-content/uploads/DSC04258.jpg"><img loading="lazy" decoding="async" class="alignnone size-large wp-image-2044" src="http://www.laparolede.fr/wp-content/uploads/DSC04258-1024x507.jpg" alt="" width="584" height="289" srcset="http://www.laparolede.fr/wp-content/uploads/DSC04258-1024x507.jpg 1024w, http://www.laparolede.fr/wp-content/uploads/DSC04258-300x149.jpg 300w, http://www.laparolede.fr/wp-content/uploads/DSC04258-768x380.jpg 768w, http://www.laparolede.fr/wp-content/uploads/DSC04258-500x248.jpg 500w" sizes="auto, (max-width: 584px) 100vw, 584px" /></a></p>
<p>Nasreddine Hodja est un héros populaire de tradition orale, présent dans nos bibliothèques municipales, connu aujourd’hui dans le monde entier, il est apparu au 8<sup>ème</sup> siècle en Irak et en Turquie. Ses histoires vont ensuite se répandre en Iran, au Pakistan puis en Asie, en Inde et en Chine, et au sud de la méditerranée.</p>
<p style="text-align: right;">Comme tous les contes, ces courtes histoires drôles, absurdes et pleines de sagesse, facile à mémoriser&nbsp; continuent de nourrir l’imaginaire et la réflexion des grands et des petits car elles ont une portée universelle. Nasreddine, porte différents noms, c’est aussi Abou Ghosn, Jiha, Goha, Djeha, Ch’ha ou encore Jouffa. Personnage insolent, sot, et en même intelligent il raconte et dénonce l’avarice, la jalousie, le pouvoir, les fausses croyances. Les histoires de Nasreddine sont un témoignage de la force de la parole. Avec le mot juste, l’humour ou l’allusion, elles arrivent à dire ce qu’il est souvent difficile d’exprimer. Elles pointent nos petits et grands défauts, pour nous pousser à réfléchir mais elles le font toujours avec poésie et humour.&nbsp;<a href="http://www.laparolede.fr/wp-content/uploads/DSC04256.jpg"><img loading="lazy" decoding="async" class="alignnone size-medium wp-image-2042" src="http://www.laparolede.fr/wp-content/uploads/DSC04256-300x251.jpg" alt="" width="300" height="251" srcset="http://www.laparolede.fr/wp-content/uploads/DSC04256-300x251.jpg 300w, http://www.laparolede.fr/wp-content/uploads/DSC04256-768x642.jpg 768w, http://www.laparolede.fr/wp-content/uploads/DSC04256-1024x855.jpg 1024w, http://www.laparolede.fr/wp-content/uploads/DSC04256-359x300.jpg 359w" sizes="auto, (max-width: 300px) 100vw, 300px" /></a></p>

<p>Cette création a été réalisé avec les enfants de l&rsquo;école Giono et ceux de la Maison de l&rsquo;enfance à Venissieux. Elle peut se réaliser avec différents groupes en milieu scolaire ou en centre de loisir. &nbsp;&nbsp;&nbsp; Les contes de Nasreddine &hellip; <a href="http://www.laparolede.fr/?page_id=1883">Continuer la lecture <span class="meta-nav">&rarr;</span></a></p>
