{"id":30,"date":"2012-09-02T12:16:03","date_gmt":"2012-09-02T11:16:03","guid":{"rendered":"http:\/\/www.laparolede.fr\/?page_id=30"},"modified":"2018-02-28T16:49:25","modified_gmt":"2018-02-28T15:49:25","slug":"enfance","status":"publish","type":"page","link":"http:\/\/www.laparolede.fr\/?page_id=30","title":{"rendered":"\u00ab\u00a0Enfance\u00a0\u00bb 2007"},"content":{"rendered":"<p><strong>\u00a0\u00a0\u00a0\u00a0\u00a0\u00a0\u00a0\u00a0\u00a0\u00a0\u00a0\u00a0\u00a0\u00a0\u00a0\u00a0\u00a0\u00a0\u00a0\u00a0\u00a0\u00a0\u00a0\u00a0\u00a0\u00a0\u00a0\u00a0\u00a0\u00a0 \u00ab\u00a0Enfance\u00a0\u00bb <\/strong>d&rsquo;apr\u00e8s le roman de Nathalie Sarraute<\/p>\n<p><a href=\"http:\/\/www.laparolede.fr\/wp-content\/uploads\/IMG_0006.jpg\"><img loading=\"lazy\" decoding=\"async\" class=\"size-medium wp-image-418 alignright\" title=\"IMG_0006\" src=\"http:\/\/www.laparolede.fr\/wp-content\/uploads\/IMG_0006-215x300.jpg\" alt=\"\" width=\"215\" height=\"300\" srcset=\"http:\/\/www.laparolede.fr\/wp-content\/uploads\/IMG_0006-215x300.jpg 215w, http:\/\/www.laparolede.fr\/wp-content\/uploads\/IMG_0006.jpg 460w\" sizes=\"auto, (max-width: 215px) 100vw, 215px\" \/><\/a><\/p>\n<p>Avec Marie Oury \u00a0 \u00a0 \u00a0 \u00a0 \u00a0 \u00a0 \u00a0 \u00a0 \u00a0 \u00a0 \u00a0 \u00a0 \u00a0 \u00a0 \u00a0 \u00a0 \u00a0 \u00a0 \u00a0 \u00a0 \u00a0 \u00a0 \u00a0 \u00a0 Mise en sc\u00e8ne: Florence Meier.<\/p>\n<p>Le spectacle a \u00e9t\u00e9 cr\u00e9\u00e9 et jou\u00e9 en mars 2007 dans le festival \u00ab\u00a0Je est un autre\u00a0\u00bb au <em>Nouveau Th\u00e9\u00e2tre du 8\u00e8me (Lyon)<\/em><\/p>\n<p>Une petite forme de \u00ab\u00a0Enfance\u00a0\u00bb a \u00e9t\u00e9 jou\u00e9e en appartement, \u00e0 <em>la r\u00e9sidence Constant<\/em> (Lyon 3<sup>\u00e8me<\/sup>), \u00e0 <em>l\u2019H\u00f4pital de l\u2019Arbresle<\/em> et \u00e0 <em>la Maison familiale de l\u2019Arbresle<\/em> en oct et nov 2006. Des ateliers ont eu lieu sur la saison 2006\/2007 sur le th\u00e8me du souvenir entre enfants et personnes \u00e2g\u00e9es \u00e0 <em>l\u2019Ecole Montaigne<\/em> et <em>la r\u00e9sidence Cuvier<\/em> (Lyon 6<sup>\u00e8me<\/sup> ) dans le cadre des mercredis de Lyon (Partenariat avec la ville de Lyon), puis \u00e0 l\u2019H\u00f4pital et la Maison Familiale de l\u2019Arbresle.<strong>\u00a0<\/strong><\/p>\n<p>\u00ab\u00a0Le roman \u00ab\u00a0Enfance\u00a0\u00bb est une autobiographie. Nathalie Sarraute exprime les sensations de son enfance. Le spectacle raconte quelques passages de ce r\u00e9cit. C\u2019est un spectacle qui traite de notre rapport au temps, pass\u00e9 et pr\u00e9sent.. Le temps dans <span style=\"text-decoration: underline;\">Enfance<\/span> est celui du pr\u00e9sent d\u00e9mesur\u00e9ment agrandi, cr\u00e9\u00e9 par un sens du d\u00e9tail tr\u00e8s d\u00e9velopp\u00e9, chaque seconde est \u00e9tir\u00e9e et chaque d\u00e9tail est grossi comme sous l\u2019effet d\u2019une loupe. Nous avons construit le jeu th\u00e9\u00e2tral comme un film au ralenti, plan par plan. Pour N. Sarraute, nous sommes multiples et <em>\u00ab\u00a0je ne suis que ce qui passe \u00e0 travers moi\u00a0: ce que je regarde, ce que j\u2019entends\u2026\u00a0\u00bb<\/em>. Nous avons tent\u00e9 d\u2019 incarner un \u00ab\u00a0je\u00a0\u00bb \u00ab\u00a0multiple\u00a0\u00bb, un \u00ab\u00a0je\u00a0\u00bb \u00ab\u00a0travers\u00e9\u00a0\u00bb, ainsi que la discontinuit\u00e9 de nos \u00e9tats \u00e9motionnels.\u00a0\u00bb<\/p>\n<p>Florence Meier<\/p>\n<p>&nbsp;<\/p>\n<p>&nbsp;<\/p>\n<p>&nbsp;<\/p>\n<p>&nbsp;<\/p>\n","protected":false},"excerpt":{"rendered":"<p>\u00a0\u00a0\u00a0\u00a0\u00a0\u00a0\u00a0\u00a0\u00a0\u00a0\u00a0\u00a0\u00a0\u00a0\u00a0\u00a0\u00a0\u00a0\u00a0\u00a0\u00a0\u00a0\u00a0\u00a0\u00a0\u00a0\u00a0\u00a0\u00a0\u00a0 \u00ab\u00a0Enfance\u00a0\u00bb d&rsquo;apr\u00e8s le roman de Nathalie Sarraute Avec Marie Oury \u00a0 \u00a0 \u00a0 \u00a0 \u00a0 \u00a0 \u00a0 \u00a0 \u00a0 \u00a0 \u00a0 \u00a0 \u00a0 \u00a0 \u00a0 \u00a0 \u00a0 \u00a0 \u00a0 \u00a0 \u00a0 \u00a0 \u00a0 \u00a0 Mise en sc\u00e8ne: Florence Meier. &hellip; <a href=\"http:\/\/www.laparolede.fr\/?page_id=30\">Continuer la lecture <span class=\"meta-nav\">&rarr;<\/span><\/a><\/p>\n","protected":false},"author":1,"featured_media":0,"parent":18,"menu_order":8,"comment_status":"closed","ping_status":"closed","template":"","meta":{"ngg_post_thumbnail":0,"footnotes":""},"class_list":["post-30","page","type-page","status-publish","hentry"],"jetpack_sharing_enabled":true,"_links":{"self":[{"href":"http:\/\/www.laparolede.fr\/index.php?rest_route=\/wp\/v2\/pages\/30","targetHints":{"allow":["GET"]}}],"collection":[{"href":"http:\/\/www.laparolede.fr\/index.php?rest_route=\/wp\/v2\/pages"}],"about":[{"href":"http:\/\/www.laparolede.fr\/index.php?rest_route=\/wp\/v2\/types\/page"}],"author":[{"embeddable":true,"href":"http:\/\/www.laparolede.fr\/index.php?rest_route=\/wp\/v2\/users\/1"}],"replies":[{"embeddable":true,"href":"http:\/\/www.laparolede.fr\/index.php?rest_route=%2Fwp%2Fv2%2Fcomments&post=30"}],"version-history":[{"count":19,"href":"http:\/\/www.laparolede.fr\/index.php?rest_route=\/wp\/v2\/pages\/30\/revisions"}],"predecessor-version":[{"id":1609,"href":"http:\/\/www.laparolede.fr\/index.php?rest_route=\/wp\/v2\/pages\/30\/revisions\/1609"}],"up":[{"embeddable":true,"href":"http:\/\/www.laparolede.fr\/index.php?rest_route=\/wp\/v2\/pages\/18"}],"wp:attachment":[{"href":"http:\/\/www.laparolede.fr\/index.php?rest_route=%2Fwp%2Fv2%2Fmedia&parent=30"}],"curies":[{"name":"wp","href":"https:\/\/api.w.org\/{rel}","templated":true}]}}

<p><strong>                               « Enfance » </strong>d&rsquo;après le roman de Nathalie Sarraute</p>
<p><a href="http://www.laparolede.fr/wp-content/uploads/IMG_0006.jpg"><img loading="lazy" decoding="async" class="size-medium wp-image-418 alignright" title="IMG_0006" src="http://www.laparolede.fr/wp-content/uploads/IMG_0006-215x300.jpg" alt="" width="215" height="300" srcset="http://www.laparolede.fr/wp-content/uploads/IMG_0006-215x300.jpg 215w, http://www.laparolede.fr/wp-content/uploads/IMG_0006.jpg 460w" sizes="auto, (max-width: 215px) 100vw, 215px" /></a></p>
<p>Avec Marie Oury                                                 Mise en scène: Florence Meier.</p>
<p>Le spectacle a été créé et joué en mars 2007 dans le festival « Je est un autre » au <em>Nouveau Théâtre du 8ème (Lyon)</em></p>
<p>Une petite forme de « Enfance » a été jouée en appartement, à <em>la résidence Constant</em> (Lyon 3<sup>ème</sup>), à <em>l’Hôpital de l’Arbresle</em> et à <em>la Maison familiale de l’Arbresle</em> en oct et nov 2006. Des ateliers ont eu lieu sur la saison 2006/2007 sur le thème du souvenir entre enfants et personnes âgées à <em>l’Ecole Montaigne</em> et <em>la résidence Cuvier</em> (Lyon 6<sup>ème</sup> ) dans le cadre des mercredis de Lyon (Partenariat avec la ville de Lyon), puis à l’Hôpital et la Maison Familiale de l’Arbresle.<strong> </strong></p>
<p>« Le roman « Enfance » est une autobiographie. Nathalie Sarraute exprime les sensations de son enfance. Le spectacle raconte quelques passages de ce récit. C’est un spectacle qui traite de notre rapport au temps, passé et présent.. Le temps dans <span style="text-decoration: underline;">Enfance</span> est celui du présent démesurément agrandi, créé par un sens du détail très développé, chaque seconde est étirée et chaque détail est grossi comme sous l’effet d’une loupe. Nous avons construit le jeu théâtral comme un film au ralenti, plan par plan. Pour N. Sarraute, nous sommes multiples et <em>« je ne suis que ce qui passe à travers moi : ce que je regarde, ce que j’entends… »</em>. Nous avons tenté d’ incarner un « je » « multiple », un « je » « traversé », ainsi que la discontinuité de nos états émotionnels. »</p>
<p>Florence Meier</p>
<p>&nbsp;</p>
<p>&nbsp;</p>
<p>&nbsp;</p>
<p>&nbsp;</p>

<p>                               « Enfance » d&rsquo;après le roman de Nathalie Sarraute Avec Marie Oury                                                 Mise en scène: Florence Meier. &hellip; <a href="http://www.laparolede.fr/?page_id=30">Continuer la lecture <span class="meta-nav">&rarr;</span></a></p>
