{"id":34,"date":"2012-09-02T12:17:36","date_gmt":"2012-09-02T11:17:36","guid":{"rendered":"http:\/\/www.laparolede.fr\/?page_id=34"},"modified":"2018-02-28T16:49:37","modified_gmt":"2018-02-28T15:49:37","slug":"histoires-de-famille","status":"publish","type":"page","link":"http:\/\/www.laparolede.fr\/?page_id=34","title":{"rendered":"\u00ab\u00a0Histoires de famille\u00a0\u00bb 2003"},"content":{"rendered":"<p><strong>\u00ab\u00a0Histoires de famille\u00a0\u00bb<\/strong> de l&rsquo;auteure serbo-croate, Biljana Srbljanovic.\u00a0<\/p>\n<p>\u00a0<img loading=\"lazy\" decoding=\"async\" title=\"116-1629_IMG\" src=\"http:\/\/www.laparolede.fr\/wp-content\/uploads\/116-1629_IMG-300x225.jpg\" alt=\"\" width=\"254\" height=\"201\" \/>\u00a0\u00a0Avec C\u00e9dric Deschamps, Sara Fernandez, Marie Oury et Fabrice Taponard.\u00a0\u00a0Mis en sc\u00e8ne par Florence Meier.<\/p>\n<p><a href=\"http:\/\/www.laparolede.fr\/wp-content\/uploads\/IMG_00072.jpg\"><img loading=\"lazy\" decoding=\"async\" class=\"alignnone size-medium wp-image-439\" title=\"IMG_0007\" src=\"http:\/\/www.laparolede.fr\/wp-content\/uploads\/IMG_00072-300x209.jpg\" alt=\"\" width=\"300\" height=\"209\" srcset=\"http:\/\/www.laparolede.fr\/wp-content\/uploads\/IMG_00072-300x209.jpg 300w, http:\/\/www.laparolede.fr\/wp-content\/uploads\/IMG_00072-429x300.jpg 429w, http:\/\/www.laparolede.fr\/wp-content\/uploads\/IMG_00072.jpg 640w\" sizes=\"auto, (max-width: 300px) 100vw, 300px\" \/><\/a><\/p>\n<p>Cr\u00e9\u00e9 et repr\u00e9sent\u00e9 en juin 2003 \u00e0 Ram Dam et au <em>Th\u00e9\u00e2tre des trois huit<\/em>.<\/p>\n<p style=\"text-align: left;\"><img loading=\"lazy\" decoding=\"async\" title=\"115-1589_IMG\" src=\"http:\/\/www.laparolede.fr\/wp-content\/uploads\/115-1589_IMG-300x225.jpg\" alt=\"\" width=\"262\" height=\"197\" \/>\u00a0 <img loading=\"lazy\" decoding=\"async\" title=\"116-1637_IMG\" src=\"http:\/\/www.laparolede.fr\/wp-content\/uploads\/116-1637_IMG-225x300.jpg\" alt=\"\" width=\"175\" height=\"229\" \/>\u00a0\u00a0\u00a0\u00a0\u00a0\u00a0\u00a0\u00a0\u00a0\u00a0\u00a0\u00a0\u00a0\u00a0\u00a0 \u00a0\u00a0\u00a0\u00a0\u00a0\u00a0\u00a0\u00a0\u00a0\u00a0\u00a0\u00a0\u00a0\u00a0\u00a0\u00a0\u00a0\u00a0\u00a0 Ce spectacle\u00a0traite du fascisme au sein de la famille. Le fascisme au quotidien est traduit par un langage et des modes de relations entre les diff\u00e9rents personnages, sp\u00e9cifiques. Nous avons travaill\u00e9 sur l\u2019intonation des phrases\u00a0: outil permettant \u00e0 l\u2019acteur de confirmer ou de masquer le sens des mots. Nous avons cherch\u00e9 \u00e0 gommer l\u2019aspect m\u00e9lodique de la phrase pour mieux laisser entendre la violence des mots prononc\u00e9s. Ce travail sur la langue s\u2019est accompagn\u00e9 d\u2019un travail de dissociation entre le rythme et l\u2019intensit\u00e9 de la parole et les actions du corps.\u00a0\u00a0<\/p>\n<p style=\"text-align: left;\">\u00a0\u00a0\u00a0 <a href=\"http:\/\/www.laparolede.fr\/wp-content\/uploads\/116-1649_IMG.jpg\"><img loading=\"lazy\" decoding=\"async\" class=\"wp-image-296 alignright\" title=\"116-1649_IMG\" src=\"http:\/\/www.laparolede.fr\/wp-content\/uploads\/116-1649_IMG-300x225.jpg\" alt=\"\" width=\"246\" height=\"185\" srcset=\"http:\/\/www.laparolede.fr\/wp-content\/uploads\/116-1649_IMG-300x225.jpg 300w, http:\/\/www.laparolede.fr\/wp-content\/uploads\/116-1649_IMG-400x300.jpg 400w, http:\/\/www.laparolede.fr\/wp-content\/uploads\/116-1649_IMG.jpg 640w\" sizes=\"auto, (max-width: 246px) 100vw, 246px\" \/><\/a>\u00a0\u00a0<\/p>\n<p style=\"text-align: left;\">\u00a0<img loading=\"lazy\" decoding=\"async\" title=\"116-1671_IMG\" src=\"http:\/\/www.laparolede.fr\/wp-content\/uploads\/116-1671_IMG-300x225.jpg\" alt=\"\" width=\"272\" height=\"188\" \/><\/p>\n","protected":false},"excerpt":{"rendered":"<p>\u00ab\u00a0Histoires de famille\u00a0\u00bb de l&rsquo;auteure serbo-croate, Biljana Srbljanovic.\u00a0 \u00a0\u00a0\u00a0Avec C\u00e9dric Deschamps, Sara Fernandez, Marie Oury et Fabrice Taponard.\u00a0\u00a0Mis en sc\u00e8ne par Florence Meier. Cr\u00e9\u00e9 et repr\u00e9sent\u00e9 en juin 2003 \u00e0 Ram Dam et au Th\u00e9\u00e2tre des trois huit. \u00a0 \u00a0\u00a0\u00a0\u00a0\u00a0\u00a0\u00a0\u00a0\u00a0\u00a0\u00a0\u00a0\u00a0\u00a0\u00a0 &hellip; <a href=\"http:\/\/www.laparolede.fr\/?page_id=34\">Continuer la lecture <span class=\"meta-nav\">&rarr;<\/span><\/a><\/p>\n","protected":false},"author":1,"featured_media":0,"parent":18,"menu_order":13,"comment_status":"closed","ping_status":"closed","template":"","meta":{"ngg_post_thumbnail":0,"footnotes":""},"class_list":["post-34","page","type-page","status-publish","hentry"],"jetpack_sharing_enabled":true,"_links":{"self":[{"href":"http:\/\/www.laparolede.fr\/index.php?rest_route=\/wp\/v2\/pages\/34","targetHints":{"allow":["GET"]}}],"collection":[{"href":"http:\/\/www.laparolede.fr\/index.php?rest_route=\/wp\/v2\/pages"}],"about":[{"href":"http:\/\/www.laparolede.fr\/index.php?rest_route=\/wp\/v2\/types\/page"}],"author":[{"embeddable":true,"href":"http:\/\/www.laparolede.fr\/index.php?rest_route=\/wp\/v2\/users\/1"}],"replies":[{"embeddable":true,"href":"http:\/\/www.laparolede.fr\/index.php?rest_route=%2Fwp%2Fv2%2Fcomments&post=34"}],"version-history":[{"count":21,"href":"http:\/\/www.laparolede.fr\/index.php?rest_route=\/wp\/v2\/pages\/34\/revisions"}],"predecessor-version":[{"id":1613,"href":"http:\/\/www.laparolede.fr\/index.php?rest_route=\/wp\/v2\/pages\/34\/revisions\/1613"}],"up":[{"embeddable":true,"href":"http:\/\/www.laparolede.fr\/index.php?rest_route=\/wp\/v2\/pages\/18"}],"wp:attachment":[{"href":"http:\/\/www.laparolede.fr\/index.php?rest_route=%2Fwp%2Fv2%2Fmedia&parent=34"}],"curies":[{"name":"wp","href":"https:\/\/api.w.org\/{rel}","templated":true}]}}

<p><strong>« Histoires de famille »</strong> de l&rsquo;auteure serbo-croate, Biljana Srbljanovic. </p>
<p> <img loading="lazy" decoding="async" title="116-1629_IMG" src="http://www.laparolede.fr/wp-content/uploads/116-1629_IMG-300x225.jpg" alt="" width="254" height="201" />  Avec Cédric Deschamps, Sara Fernandez, Marie Oury et Fabrice Taponard.  Mis en scène par Florence Meier.</p>
<p><a href="http://www.laparolede.fr/wp-content/uploads/IMG_00072.jpg"><img loading="lazy" decoding="async" class="alignnone size-medium wp-image-439" title="IMG_0007" src="http://www.laparolede.fr/wp-content/uploads/IMG_00072-300x209.jpg" alt="" width="300" height="209" srcset="http://www.laparolede.fr/wp-content/uploads/IMG_00072-300x209.jpg 300w, http://www.laparolede.fr/wp-content/uploads/IMG_00072-429x300.jpg 429w, http://www.laparolede.fr/wp-content/uploads/IMG_00072.jpg 640w" sizes="auto, (max-width: 300px) 100vw, 300px" /></a></p>
<p>Créé et représenté en juin 2003 à Ram Dam et au <em>Théâtre des trois huit</em>.</p>
<p style="text-align: left;"><img loading="lazy" decoding="async" title="115-1589_IMG" src="http://www.laparolede.fr/wp-content/uploads/115-1589_IMG-300x225.jpg" alt="" width="262" height="197" />  <img loading="lazy" decoding="async" title="116-1637_IMG" src="http://www.laparolede.fr/wp-content/uploads/116-1637_IMG-225x300.jpg" alt="" width="175" height="229" />                                    Ce spectacle traite du fascisme au sein de la famille. Le fascisme au quotidien est traduit par un langage et des modes de relations entre les différents personnages, spécifiques. Nous avons travaillé sur l’intonation des phrases : outil permettant à l’acteur de confirmer ou de masquer le sens des mots. Nous avons cherché à gommer l’aspect mélodique de la phrase pour mieux laisser entendre la violence des mots prononcés. Ce travail sur la langue s’est accompagné d’un travail de dissociation entre le rythme et l’intensité de la parole et les actions du corps.  </p>
<p style="text-align: left;">    <a href="http://www.laparolede.fr/wp-content/uploads/116-1649_IMG.jpg"><img loading="lazy" decoding="async" class="wp-image-296 alignright" title="116-1649_IMG" src="http://www.laparolede.fr/wp-content/uploads/116-1649_IMG-300x225.jpg" alt="" width="246" height="185" srcset="http://www.laparolede.fr/wp-content/uploads/116-1649_IMG-300x225.jpg 300w, http://www.laparolede.fr/wp-content/uploads/116-1649_IMG-400x300.jpg 400w, http://www.laparolede.fr/wp-content/uploads/116-1649_IMG.jpg 640w" sizes="auto, (max-width: 246px) 100vw, 246px" /></a>  </p>
<p style="text-align: left;"> <img loading="lazy" decoding="async" title="116-1671_IMG" src="http://www.laparolede.fr/wp-content/uploads/116-1671_IMG-300x225.jpg" alt="" width="272" height="188" /></p>

<p>« Histoires de famille » de l&rsquo;auteure serbo-croate, Biljana Srbljanovic.     Avec Cédric Deschamps, Sara Fernandez, Marie Oury et Fabrice Taponard.  Mis en scène par Florence Meier. Créé et représenté en juin 2003 à Ram Dam et au Théâtre des trois huit.                   &hellip; <a href="http://www.laparolede.fr/?page_id=34">Continuer la lecture <span class="meta-nav">&rarr;</span></a></p>
