{"id":36,"date":"2012-09-02T12:18:27","date_gmt":"2012-09-02T11:18:27","guid":{"rendered":"http:\/\/www.laparolede.fr\/?page_id=36"},"modified":"2018-02-28T16:49:49","modified_gmt":"2018-02-28T15:49:49","slug":"bien-tiens-viens","status":"publish","type":"page","link":"http:\/\/www.laparolede.fr\/?page_id=36","title":{"rendered":"\u00ab\u00a0Bien, tiens, viens\u00a0\u00bb 2004"},"content":{"rendered":"<p><strong>\u00ab\u00a0Bien, tiens, viens\u00a0\u00bb<\/strong> cr\u00e9\u00e9<strong> <\/strong>\u00e0 partir des textes de G. Stein, K. Molnar et K. Schwitters\u00a0<\/p>\n<p>\u00a0<img loading=\"lazy\" decoding=\"async\" title=\"F1000007\" src=\"http:\/\/www.laparolede.fr\/wp-content\/uploads\/F1000007-200x300.jpg\" alt=\"\" width=\"180\" height=\"286\" \/>\u00a0 <img loading=\"lazy\" decoding=\"async\" title=\"F1000008\" src=\"http:\/\/www.laparolede.fr\/wp-content\/uploads\/F1000008-300x200.jpg\" alt=\"\" width=\"280\" height=\"190\" \/><\/p>\n<p>Avec Marie Oury, Marion Piqu\u00e9 et Emmanuel Sierra. Mis en sc\u00e8ne par Florence Meier. Eclairages de Matthieu Ferry.<\/p>\n<p><strong>Cr\u00e9\u00e9 en mars 2004. <\/strong><strong>Les repr\u00e9sentations ont eu lieu \u00e0 <em>l\u2019Espace latino<\/em> (mars 2004), dans le cadre de <span style=\"text-decoration: underline;\">l\u2019Et\u00e9 des pentes<\/span> (juillet 2004), \u00e0 <em>l\u2019H\u00f4pital St Jean de Dieu<\/em>, au service de jour de <em>l\u2019H\u00f4pital psychiatrique de Gerland<\/em> (sept 2004) et au Bar <em>De l\u2019autre c\u00f4t\u00e9 du pont<\/em> (octobre 2005).<\/strong><\/p>\n<p>\u00a0<img loading=\"lazy\" decoding=\"async\" title=\"IMG_0080\" src=\"http:\/\/www.laparolede.fr\/wp-content\/uploads\/IMG_0080-225x300.jpg\" alt=\"\" width=\"177\" height=\"272\" \/>\u00a0\u00a0\u00a0\u00a0\u00a0\u00a0\u00a0\u00a0\u00a0\u00a0\u00a0 <img loading=\"lazy\" decoding=\"async\" title=\"IMG_0082\" src=\"http:\/\/www.laparolede.fr\/wp-content\/uploads\/IMG_0082-300x225.jpg\" alt=\"\" width=\"238\" height=\"181\" \/><\/p>\n<p>\u00a0\u00a0\u00a0\u00a0\u00a0\u00a0\u00a0\u00a0\u00a0\u00a0\u00a0 Il s\u2019agit d\u2019 un spectacle de po\u00e9sie \u00e0 partir de trois auteurs.<\/p>\n<p><strong>Katalin Molnar<\/strong> est une auteure hongroise contemporaine. elle s\u2019affranchit des r\u00e8gles grammaticales, pour \u00e9crire le fran\u00e7ais comme il se parle et comme elle le prononce\u00a0: la langue fran\u00e7aise avec l\u2019accent hongrois \u00ab\u00a0parce que dans la langue il y a l\u2019\u00e9crit sans parole <em>\u00e9pui yalaparol sanl\u00e9kri<\/em>\u00a0\u00bb<\/p>\n<p><strong>Gertrude Stein<\/strong>, po\u00e8te et auteure am\u00e9ricaine des ann\u00e9es 20, d\u00e9construit la phrase et propose un autre agencement des mots afin de mieux traduire sa perception du r\u00e9el. Grande ami de Picasso, elle \u00e9crit et d\u00e9crit \u00ab\u00a0\u00e0 la mani\u00e8re cubiste\u00a0\u00bb ce qui l\u2019entoure.<\/p>\n<p><strong>Kurt Schwitters <\/strong>est un artiste allemand, pionnier du mouvement dada. Il utilise dans sa po\u00e9sie et ses textes la r\u00e9p\u00e9tition des phrases et des situations pour mieux traduire l\u2019absurdit\u00e9 du r\u00e9el. Ce spectacle est une rencontre entre trois auteurs, trois com\u00e9diens, la po\u00e9sie, la peinture et le th\u00e9\u00e2tre<\/p>\n<p>\u00a0\u00a0\u00a0\u00a0 \u00a0\u00a0 <a href=\"http:\/\/www.laparolede.fr\/wp-content\/uploads\/IMG_0032.jpg\"><img loading=\"lazy\" decoding=\"async\" class=\"wp-image-288 aligncenter\" title=\"IMG_0032\" src=\"http:\/\/www.laparolede.fr\/wp-content\/uploads\/IMG_0032-300x225.jpg\" alt=\"\" width=\"308\" height=\"229\" \/><\/a>\u00a0\u00a0\u00a0\u00a0\u00a0\u00a0\u00a0<\/p>\n<p>&nbsp;<\/p>\n","protected":false},"excerpt":{"rendered":"<p>\u00ab\u00a0Bien, tiens, viens\u00a0\u00bb cr\u00e9\u00e9 \u00e0 partir des textes de G. Stein, K. Molnar et K. Schwitters\u00a0 \u00a0\u00a0 Avec Marie Oury, Marion Piqu\u00e9 et Emmanuel Sierra. Mis en sc\u00e8ne par Florence Meier. Eclairages de Matthieu Ferry. Cr\u00e9\u00e9 en mars 2004. Les &hellip; <a href=\"http:\/\/www.laparolede.fr\/?page_id=36\">Continuer la lecture <span class=\"meta-nav\">&rarr;<\/span><\/a><\/p>\n","protected":false},"author":1,"featured_media":0,"parent":18,"menu_order":12,"comment_status":"closed","ping_status":"closed","template":"","meta":{"ngg_post_thumbnail":0,"footnotes":""},"class_list":["post-36","page","type-page","status-publish","hentry"],"jetpack_sharing_enabled":true,"_links":{"self":[{"href":"http:\/\/www.laparolede.fr\/index.php?rest_route=\/wp\/v2\/pages\/36","targetHints":{"allow":["GET"]}}],"collection":[{"href":"http:\/\/www.laparolede.fr\/index.php?rest_route=\/wp\/v2\/pages"}],"about":[{"href":"http:\/\/www.laparolede.fr\/index.php?rest_route=\/wp\/v2\/types\/page"}],"author":[{"embeddable":true,"href":"http:\/\/www.laparolede.fr\/index.php?rest_route=\/wp\/v2\/users\/1"}],"replies":[{"embeddable":true,"href":"http:\/\/www.laparolede.fr\/index.php?rest_route=%2Fwp%2Fv2%2Fcomments&post=36"}],"version-history":[{"count":15,"href":"http:\/\/www.laparolede.fr\/index.php?rest_route=\/wp\/v2\/pages\/36\/revisions"}],"predecessor-version":[{"id":1617,"href":"http:\/\/www.laparolede.fr\/index.php?rest_route=\/wp\/v2\/pages\/36\/revisions\/1617"}],"up":[{"embeddable":true,"href":"http:\/\/www.laparolede.fr\/index.php?rest_route=\/wp\/v2\/pages\/18"}],"wp:attachment":[{"href":"http:\/\/www.laparolede.fr\/index.php?rest_route=%2Fwp%2Fv2%2Fmedia&parent=36"}],"curies":[{"name":"wp","href":"https:\/\/api.w.org\/{rel}","templated":true}]}}

<p><strong>« Bien, tiens, viens »</strong> créé<strong> </strong>à partir des textes de G. Stein, K. Molnar et K. Schwitters </p>
<p> <img loading="lazy" decoding="async" title="F1000007" src="http://www.laparolede.fr/wp-content/uploads/F1000007-200x300.jpg" alt="" width="180" height="286" />  <img loading="lazy" decoding="async" title="F1000008" src="http://www.laparolede.fr/wp-content/uploads/F1000008-300x200.jpg" alt="" width="280" height="190" /></p>
<p>Avec Marie Oury, Marion Piqué et Emmanuel Sierra. Mis en scène par Florence Meier. Eclairages de Matthieu Ferry.</p>
<p><strong>Créé en mars 2004. </strong><strong>Les représentations ont eu lieu à <em>l’Espace latino</em> (mars 2004), dans le cadre de <span style="text-decoration: underline;">l’Eté des pentes</span> (juillet 2004), à <em>l’Hôpital St Jean de Dieu</em>, au service de jour de <em>l’Hôpital psychiatrique de Gerland</em> (sept 2004) et au Bar <em>De l’autre côté du pont</em> (octobre 2005).</strong></p>
<p> <img loading="lazy" decoding="async" title="IMG_0080" src="http://www.laparolede.fr/wp-content/uploads/IMG_0080-225x300.jpg" alt="" width="177" height="272" />            <img loading="lazy" decoding="async" title="IMG_0082" src="http://www.laparolede.fr/wp-content/uploads/IMG_0082-300x225.jpg" alt="" width="238" height="181" /></p>
<p>            Il s’agit d’ un spectacle de poésie à partir de trois auteurs.</p>
<p><strong>Katalin Molnar</strong> est une auteure hongroise contemporaine. elle s’affranchit des règles grammaticales, pour écrire le français comme il se parle et comme elle le prononce : la langue française avec l’accent hongrois « parce que dans la langue il y a l’écrit sans parole <em>épui yalaparol sanlékri</em> »</p>
<p><strong>Gertrude Stein</strong>, poète et auteure américaine des années 20, déconstruit la phrase et propose un autre agencement des mots afin de mieux traduire sa perception du réel. Grande ami de Picasso, elle écrit et décrit « à la manière cubiste » ce qui l’entoure.</p>
<p><strong>Kurt Schwitters </strong>est un artiste allemand, pionnier du mouvement dada. Il utilise dans sa poésie et ses textes la répétition des phrases et des situations pour mieux traduire l’absurdité du réel. Ce spectacle est une rencontre entre trois auteurs, trois comédiens, la poésie, la peinture et le théâtre</p>
<p>        <a href="http://www.laparolede.fr/wp-content/uploads/IMG_0032.jpg"><img loading="lazy" decoding="async" class="wp-image-288 aligncenter" title="IMG_0032" src="http://www.laparolede.fr/wp-content/uploads/IMG_0032-300x225.jpg" alt="" width="308" height="229" /></a>       </p>
<p>&nbsp;</p>

<p>« Bien, tiens, viens » créé à partir des textes de G. Stein, K. Molnar et K. Schwitters     Avec Marie Oury, Marion Piqué et Emmanuel Sierra. Mis en scène par Florence Meier. Eclairages de Matthieu Ferry. Créé en mars 2004. Les &hellip; <a href="http://www.laparolede.fr/?page_id=36">Continuer la lecture <span class="meta-nav">&rarr;</span></a></p>
