{"id":58,"date":"2012-09-02T12:28:37","date_gmt":"2012-09-02T11:28:37","guid":{"rendered":"http:\/\/www.laparolede.fr\/?page_id=58"},"modified":"2018-06-11T11:02:29","modified_gmt":"2018-06-11T10:02:29","slug":"landeda-brest-2012","status":"publish","type":"page","link":"http:\/\/www.laparolede.fr\/?page_id=58","title":{"rendered":"Land\u00e9da (Brest) 2012"},"content":{"rendered":"<p><strong>Une r\u00e9sidence d&rsquo;artistes <\/strong><span style=\"font-weight: 300;\">c&rsquo;est la<\/span><strong> <\/strong><span style=\"font-weight: 300;\">compagnie qui part \u00e0 la rencontre de nouvelles villes, villages et quartiers. Nous nous installons pour une semaine ou plusieurs mois. Nous venons avec nos spectacles, nos id\u00e9es, notre \u00e9nergie\u2026Nous construisons la r\u00e9sidence en fonction des lieux qui nous accueillent et des personnes que nous rencontrons.<\/span><\/p>\n<p><strong>R\u00e9sidence en novembre 2012 \u00e0 Landeda dans le cadre du festival organis\u00e9 par \u00ab\u00a0Les petites sc\u00e8nes d\u00e9m\u00e9nagent\u00a0\u00bb\u00a0\u00a0\u00a0\u00a0\u00a0\u00a0\u00a0<\/strong><\/p>\n<p><strong>\u00a0\u00a0<\/strong><strong>Repr\u00e9sentations de \u00ab\u00a0Effet\u00a0papillon\u00a0\u00bb \u00e0 Brest, Land\u00e9da et au Chateau de Kerouartz et sieste\u00a0musicale chez l&rsquo;habitant<\/strong><\/p>\n<p><img loading=\"lazy\" decoding=\"async\" class=\"alignleft\" title=\"DSC02625\" src=\"http:\/\/www.laparolede.fr\/wp-content\/uploads\/DSC026253-193x300.jpg\" alt=\"\" width=\"193\" height=\"300\" \/><\/p>\n<p><a href=\"http:\/\/www.laparolede.fr\/wp-content\/uploads\/DSC079462.jpeg\"><img loading=\"lazy\" decoding=\"async\" class=\"alignnone size-medium wp-image-710\" title=\"DSC07946\" src=\"http:\/\/www.laparolede.fr\/wp-content\/uploads\/DSC079462-300x168.jpeg\" alt=\"\" width=\"300\" height=\"168\" srcset=\"http:\/\/www.laparolede.fr\/wp-content\/uploads\/DSC079462-300x168.jpeg 300w, http:\/\/www.laparolede.fr\/wp-content\/uploads\/DSC079462-500x281.jpeg 500w, http:\/\/www.laparolede.fr\/wp-content\/uploads\/DSC079462.jpeg 640w\" sizes=\"auto, (max-width: 300px) 100vw, 300px\" \/><\/a><a href=\"http:\/\/www.laparolede.fr\/wp-content\/uploads\/DSC_06962.jpeg\"><img loading=\"lazy\" decoding=\"async\" class=\"alignnone size-medium wp-image-715\" title=\"DSC_0696\" src=\"http:\/\/www.laparolede.fr\/wp-content\/uploads\/DSC_06962-300x201.jpeg\" alt=\"\" width=\"300\" height=\"201\" srcset=\"http:\/\/www.laparolede.fr\/wp-content\/uploads\/DSC_06962-300x201.jpeg 300w, http:\/\/www.laparolede.fr\/wp-content\/uploads\/DSC_06962-446x300.jpeg 446w, http:\/\/www.laparolede.fr\/wp-content\/uploads\/DSC_06962.jpeg 640w\" sizes=\"auto, (max-width: 300px) 100vw, 300px\" \/><\/a><\/p>\n<p>&nbsp;<\/p>\n","protected":false},"excerpt":{"rendered":"<p>Une r\u00e9sidence d&rsquo;artistes c&rsquo;est la compagnie qui part \u00e0 la rencontre de nouvelles villes, villages et quartiers. Nous nous installons pour une semaine ou plusieurs mois. Nous venons avec nos spectacles, nos id\u00e9es, notre \u00e9nergie\u2026Nous construisons la r\u00e9sidence en fonction &hellip; <a href=\"http:\/\/www.laparolede.fr\/?page_id=58\">Continuer la lecture <span class=\"meta-nav\">&rarr;<\/span><\/a><\/p>\n","protected":false},"author":1,"featured_media":0,"parent":46,"menu_order":3,"comment_status":"closed","ping_status":"closed","template":"","meta":{"ngg_post_thumbnail":0,"footnotes":""},"class_list":["post-58","page","type-page","status-publish","hentry"],"jetpack_sharing_enabled":true,"_links":{"self":[{"href":"http:\/\/www.laparolede.fr\/index.php?rest_route=\/wp\/v2\/pages\/58","targetHints":{"allow":["GET"]}}],"collection":[{"href":"http:\/\/www.laparolede.fr\/index.php?rest_route=\/wp\/v2\/pages"}],"about":[{"href":"http:\/\/www.laparolede.fr\/index.php?rest_route=\/wp\/v2\/types\/page"}],"author":[{"embeddable":true,"href":"http:\/\/www.laparolede.fr\/index.php?rest_route=\/wp\/v2\/users\/1"}],"replies":[{"embeddable":true,"href":"http:\/\/www.laparolede.fr\/index.php?rest_route=%2Fwp%2Fv2%2Fcomments&post=58"}],"version-history":[{"count":24,"href":"http:\/\/www.laparolede.fr\/index.php?rest_route=\/wp\/v2\/pages\/58\/revisions"}],"predecessor-version":[{"id":1794,"href":"http:\/\/www.laparolede.fr\/index.php?rest_route=\/wp\/v2\/pages\/58\/revisions\/1794"}],"up":[{"embeddable":true,"href":"http:\/\/www.laparolede.fr\/index.php?rest_route=\/wp\/v2\/pages\/46"}],"wp:attachment":[{"href":"http:\/\/www.laparolede.fr\/index.php?rest_route=%2Fwp%2Fv2%2Fmedia&parent=58"}],"curies":[{"name":"wp","href":"https:\/\/api.w.org\/{rel}","templated":true}]}}

Landéda (Brest) 2012

<p><strong>Une résidence d&rsquo;artistes </strong><span style="font-weight: 300;">c&rsquo;est la</span><strong> </strong><span style="font-weight: 300;">compagnie qui part à la rencontre de nouvelles villes, villages et quartiers. Nous nous installons pour une semaine ou plusieurs mois. Nous venons avec nos spectacles, nos idées, notre énergie…Nous construisons la résidence en fonction des lieux qui nous accueillent et des personnes que nous rencontrons.</span></p>
<p><strong>Résidence en novembre 2012 à Landeda dans le cadre du festival organisé par « Les petites scènes déménagent »       </strong></p>
<p><strong>  </strong><strong>Représentations de « Effet papillon » à Brest, Landéda et au Chateau de Kerouartz et sieste musicale chez l&rsquo;habitant</strong></p>
<p><img loading="lazy" decoding="async" class="alignleft" title="DSC02625" src="http://www.laparolede.fr/wp-content/uploads/DSC026253-193x300.jpg" alt="" width="193" height="300" /></p>
<p><a href="http://www.laparolede.fr/wp-content/uploads/DSC079462.jpeg"><img loading="lazy" decoding="async" class="alignnone size-medium wp-image-710" title="DSC07946" src="http://www.laparolede.fr/wp-content/uploads/DSC079462-300x168.jpeg" alt="" width="300" height="168" srcset="http://www.laparolede.fr/wp-content/uploads/DSC079462-300x168.jpeg 300w, http://www.laparolede.fr/wp-content/uploads/DSC079462-500x281.jpeg 500w, http://www.laparolede.fr/wp-content/uploads/DSC079462.jpeg 640w" sizes="auto, (max-width: 300px) 100vw, 300px" /></a><a href="http://www.laparolede.fr/wp-content/uploads/DSC_06962.jpeg"><img loading="lazy" decoding="async" class="alignnone size-medium wp-image-715" title="DSC_0696" src="http://www.laparolede.fr/wp-content/uploads/DSC_06962-300x201.jpeg" alt="" width="300" height="201" srcset="http://www.laparolede.fr/wp-content/uploads/DSC_06962-300x201.jpeg 300w, http://www.laparolede.fr/wp-content/uploads/DSC_06962-446x300.jpeg 446w, http://www.laparolede.fr/wp-content/uploads/DSC_06962.jpeg 640w" sizes="auto, (max-width: 300px) 100vw, 300px" /></a></p>
<p>&nbsp;</p>

<p>Une résidence d&rsquo;artistes c&rsquo;est la compagnie qui part à la rencontre de nouvelles villes, villages et quartiers. Nous nous installons pour une semaine ou plusieurs mois. Nous venons avec nos spectacles, nos idées, notre énergie…Nous construisons la résidence en fonction &hellip; <a href="http://www.laparolede.fr/?page_id=58">Continuer la lecture <span class="meta-nav">&rarr;</span></a></p>
