{"id":92,"date":"2012-09-02T13:00:56","date_gmt":"2012-09-02T12:00:56","guid":{"rendered":"http:\/\/www.laparolede.fr\/?page_id=92"},"modified":"2018-02-28T16:51:45","modified_gmt":"2018-02-28T15:51:45","slug":"mes-bibliotheques-2","status":"publish","type":"page","link":"http:\/\/www.laparolede.fr\/?page_id=92","title":{"rendered":"\u00ab\u00a0Mes biblioth\u00e8ques\u00a0\u00bb 2005"},"content":{"rendered":"<p>\u00a0\u00ab\u00a0Mes Biblioth\u00e8ques\u00a0\u00bb<\/p>\n<p style=\"text-align: right;\"><a href=\"http:\/\/www.laparolede.fr\/wp-content\/uploads\/111.jpg\"><img loading=\"lazy\" decoding=\"async\" class=\"wp-image-254 alignleft\" title=\"11\" src=\"http:\/\/www.laparolede.fr\/wp-content\/uploads\/111-225x300.jpg\" alt=\"\" width=\"197\" height=\"256\" \/><\/a>\u00a0<\/p>\n<p style=\"text-align: right;\">Texte de Karl Hollande<\/p>\n<p style=\"text-align: right;\">Avec Marie Oury, Marion Piqu\u00e9 et Matthieu Ferry<\/p>\n<p style=\"text-align: right;\">Mis en sc\u00e8ne par Florence Meier<\/p>\n<p style=\"text-align: right;\">Lumi\u00e8res de Matthieu Ferry<\/p>\n<p>Cr\u00e9\u00e9 en octobre 2005 \u00e0 <em>l\u2019Espace latino am\u00e9ricain<\/em> dans le cadre du festival de litt\u00e9rature latino am\u00e9ricain \u00ab\u00a0Les belles latinas\u00a0\u00bb<\/p>\n<p style=\"text-align: right;\"><strong><span style=\"text-decoration: underline;\"><img loading=\"lazy\" decoding=\"async\" class=\"alignnone  wp-image-244\" title=\"IMG_6322\" src=\"http:\/\/www.laparolede.fr\/wp-content\/uploads\/IMG_6322-225x300.jpg\" alt=\"\" width=\"189\" height=\"282\" \/><a href=\"http:\/\/www.laparolede.fr\/wp-content\/uploads\/IMG_6336.jpg\"><img loading=\"lazy\" decoding=\"async\" class=\"wp-image-246\" title=\"IMG_6336\" src=\"http:\/\/www.laparolede.fr\/wp-content\/uploads\/IMG_6336-225x300.jpg\" alt=\"\" width=\"173\" height=\"235\" \/><\/a><\/span><\/strong><\/p>\n<p>Au milieu d\u2019un festival consacr\u00e9 \u00e0 l\u2019\u00e9criture nous avons propos\u00e9 aux \u00e9crivains et au public d\u2019assister ensemble \u00e0 un spectacle sur la lecture.\u00a0 Mais comment parler de la lecture sans la trahir\u00a0?\u00a0 Comment approcher cet animal qu\u2019est le lecteur, absorb\u00e9 dans son livre, fondu dans le paysage, sans le faire fuir, sans le faire revenir brusquement au monde dont il s\u2019\u00e9tait extrait\u00a0?\u00a0 Soudainement, l\u2019acte mille fois r\u00e9p\u00e9t\u00e9 de lire un livre nous appara\u00eet sous une autre lumi\u00e8re, moins connue. C\u2019est son \u00e9tranget\u00e9 et sa quotidiennet\u00e9 que nous avons sond\u00e9 dans <span style=\"text-decoration: underline;\">Mes Biblioth\u00e8ques<\/span>.\u00a0<\/p>\n<p>\u00a0<a href=\"http:\/\/www.laparolede.fr\/wp-content\/uploads\/IMG_63633.jpg\"><img loading=\"lazy\" decoding=\"async\" class=\"wp-image-263 aligncenter\" title=\"IMG_6363\" src=\"http:\/\/www.laparolede.fr\/wp-content\/uploads\/IMG_63633-300x225.jpg\" alt=\"\" width=\"240\" height=\"200\" \/><\/a><\/p>\n<p>&nbsp;<\/p>\n<p style=\"text-align: center;\">\u00a0<\/p>\n","protected":false},"excerpt":{"rendered":"<p>\u00a0\u00ab\u00a0Mes Biblioth\u00e8ques\u00a0\u00bb \u00a0 Texte de Karl Hollande Avec Marie Oury, Marion Piqu\u00e9 et Matthieu Ferry Mis en sc\u00e8ne par Florence Meier Lumi\u00e8res de Matthieu Ferry Cr\u00e9\u00e9 en octobre 2005 \u00e0 l\u2019Espace latino am\u00e9ricain dans le cadre du festival de litt\u00e9rature &hellip; <a href=\"http:\/\/www.laparolede.fr\/?page_id=92\">Continuer la lecture <span class=\"meta-nav\">&rarr;<\/span><\/a><\/p>\n","protected":false},"author":1,"featured_media":0,"parent":18,"menu_order":11,"comment_status":"closed","ping_status":"closed","template":"","meta":{"ngg_post_thumbnail":0,"footnotes":""},"class_list":["post-92","page","type-page","status-publish","hentry"],"jetpack_sharing_enabled":true,"_links":{"self":[{"href":"http:\/\/www.laparolede.fr\/index.php?rest_route=\/wp\/v2\/pages\/92","targetHints":{"allow":["GET"]}}],"collection":[{"href":"http:\/\/www.laparolede.fr\/index.php?rest_route=\/wp\/v2\/pages"}],"about":[{"href":"http:\/\/www.laparolede.fr\/index.php?rest_route=\/wp\/v2\/types\/page"}],"author":[{"embeddable":true,"href":"http:\/\/www.laparolede.fr\/index.php?rest_route=\/wp\/v2\/users\/1"}],"replies":[{"embeddable":true,"href":"http:\/\/www.laparolede.fr\/index.php?rest_route=%2Fwp%2Fv2%2Fcomments&post=92"}],"version-history":[{"count":19,"href":"http:\/\/www.laparolede.fr\/index.php?rest_route=\/wp\/v2\/pages\/92\/revisions"}],"predecessor-version":[{"id":1653,"href":"http:\/\/www.laparolede.fr\/index.php?rest_route=\/wp\/v2\/pages\/92\/revisions\/1653"}],"up":[{"embeddable":true,"href":"http:\/\/www.laparolede.fr\/index.php?rest_route=\/wp\/v2\/pages\/18"}],"wp:attachment":[{"href":"http:\/\/www.laparolede.fr\/index.php?rest_route=%2Fwp%2Fv2%2Fmedia&parent=92"}],"curies":[{"name":"wp","href":"https:\/\/api.w.org\/{rel}","templated":true}]}}